{"id":4084,"date":"2023-06-23T14:06:32","date_gmt":"2023-06-23T12:06:32","guid":{"rendered":"https:\/\/www.factoria-4-7.org\/?post_type=tribe_events&#038;p=4084"},"modified":"2023-06-26T12:42:44","modified_gmt":"2023-06-26T10:42:44","slug":"educacion-y-cultura-para-el-desarrollo-sostenible","status":"publish","type":"tribe_events","link":"https:\/\/www.factoria-4-7.org\/ca\/evento\/educacion-y-cultura-para-el-desarrollo-sostenible\/","title":{"rendered":"Educaci\u00f3n y Cultura para el Desarrollo Sostenible"},"content":{"rendered":"<p>La pandemia y las crisis clim\u00e1tica, econ\u00f3mica y social definen un nuevo panorama para el mundo. En este contexto cabe preguntarse \u00bfqu\u00e9 papel juegan la cultura y la educaci\u00f3n en el nuevo contrato social y en el marco de la Agenda 2030?\u00a0 Actualmente casi todos los pa\u00edses est\u00e1n tomando decisiones sobre c\u00f3mo redefinir las metas y resultados del sistema educativo para reflejar los desafi\u0301os y oportunidades del futuro. Por otro lado, la cultura tiene esa capacidad de ser un motor de cambio social apelando a la emoci\u00f3n y siendo un veh\u00edculo para ello. Nos permite nuevas formas de percibir e interpretar el mundo y nuestros h\u00e1bitos. Por lo tanto, los entornos culturales y educativos (formales y no formales) son espacios donde se puede hablar, escuchar, pensar y actuar. Ambos pueden fomentar nuestra capacidad de reconocer las interconexiones, as\u00ed como una visi\u00f3n hol\u00edstica del mundo. La cultura y la educaci\u00f3n juntas tienen el potencial de acelerar el cambio hacia una nueva comunidad global que reconoce su lugar en el mundo y su interdependencia con \u00e9l.<\/p>\n<h3 class=\"titulo-tab-h3\">Objetivos<\/h3>\n<ul>\n<li>Visibilizar el impacto del binomio cultura y educaci\u00f3n en el logro de la Agenda 2030 de Desarrollo Sostenible.<\/li>\n<li>Abordar c\u00f3mo integrar los Objetivos de Desarrollo Sostenible en la pr\u00e1ctica cultural y educativa trabajando ambas en alianza.<\/li>\n<li>Exponer casos inspiradores que trabajan en la intersecci\u00f3n de la cultura, la educaci\u00f3n y el desarrollo sostenible.<\/li>\n<\/ul>\n","protected":false},"excerpt":{"rendered":"<p>La pandemia y las crisis clim\u00e1tica, econ\u00f3mica y social definen un nuevo panorama para el mundo. En este contexto cabe preguntarse \u00bfqu\u00e9 papel juegan la cultura y la educaci\u00f3n en el nuevo contrato social y en el marco de la Agenda 2030?<\/p>\n","protected":false},"author":6,"featured_media":4086,"template":"","meta":{"_acf_changed":false,"_tribe_events_status":"","_tribe_events_status_reason":"","footnotes":""},"tags":[],"ods":[5,19],"tribe_events_cat":[],"class_list":["post-4084","tribe_events","type-tribe_events","status-publish","has-post-thumbnail","hentry","ods-diversidad-linguistica-cultural","ods-educacion-calidad"],"acf":[],"_links":{"self":[{"href":"https:\/\/www.factoria-4-7.org\/ca\/wp-json\/wp\/v2\/tribe_events\/4084","targetHints":{"allow":["GET"]}}],"collection":[{"href":"https:\/\/www.factoria-4-7.org\/ca\/wp-json\/wp\/v2\/tribe_events"}],"about":[{"href":"https:\/\/www.factoria-4-7.org\/ca\/wp-json\/wp\/v2\/types\/tribe_events"}],"author":[{"embeddable":true,"href":"https:\/\/www.factoria-4-7.org\/ca\/wp-json\/wp\/v2\/users\/6"}],"version-history":[{"count":7,"href":"https:\/\/www.factoria-4-7.org\/ca\/wp-json\/wp\/v2\/tribe_events\/4084\/revisions"}],"predecessor-version":[{"id":4112,"href":"https:\/\/www.factoria-4-7.org\/ca\/wp-json\/wp\/v2\/tribe_events\/4084\/revisions\/4112"}],"wp:featuredmedia":[{"embeddable":true,"href":"https:\/\/www.factoria-4-7.org\/ca\/wp-json\/wp\/v2\/media\/4086"}],"wp:attachment":[{"href":"https:\/\/www.factoria-4-7.org\/ca\/wp-json\/wp\/v2\/media?parent=4084"}],"wp:term":[{"taxonomy":"post_tag","embeddable":true,"href":"https:\/\/www.factoria-4-7.org\/ca\/wp-json\/wp\/v2\/tags?post=4084"},{"taxonomy":"ods","embeddable":true,"href":"https:\/\/www.factoria-4-7.org\/ca\/wp-json\/wp\/v2\/ods?post=4084"},{"taxonomy":"tribe_events_cat","embeddable":true,"href":"https:\/\/www.factoria-4-7.org\/ca\/wp-json\/wp\/v2\/tribe_events_cat?post=4084"}],"curies":[{"name":"wp","href":"https:\/\/api.w.org\/{rel}","templated":true}]}}

Educación y Cultura para el Desarrollo Sostenible

<p>La pandemia y las crisis climática, económica y social definen un nuevo panorama para el mundo. En este contexto cabe preguntarse ¿qué papel juegan la cultura y la educación en el nuevo contrato social y en el marco de la Agenda 2030?  Actualmente casi todos los países están tomando decisiones sobre cómo redefinir las metas y resultados del sistema educativo para reflejar los desafíos y oportunidades del futuro. Por otro lado, la cultura tiene esa capacidad de ser un motor de cambio social apelando a la emoción y siendo un vehículo para ello. Nos permite nuevas formas de percibir e interpretar el mundo y nuestros hábitos. Por lo tanto, los entornos culturales y educativos (formales y no formales) son espacios donde se puede hablar, escuchar, pensar y actuar. Ambos pueden fomentar nuestra capacidad de reconocer las interconexiones, así como una visión holística del mundo. La cultura y la educación juntas tienen el potencial de acelerar el cambio hacia una nueva comunidad global que reconoce su lugar en el mundo y su interdependencia con él.</p>
<h3 class="titulo-tab-h3">Objetivos</h3>
<ul>
<li>Visibilizar el impacto del binomio cultura y educación en el logro de la Agenda 2030 de Desarrollo Sostenible.</li>
<li>Abordar cómo integrar los Objetivos de Desarrollo Sostenible en la práctica cultural y educativa trabajando ambas en alianza.</li>
<li>Exponer casos inspiradores que trabajan en la intersección de la cultura, la educación y el desarrollo sostenible.</li>
</ul>

<p>La pandemia y las crisis climática, económica y social definen un nuevo panorama para el mundo. En este contexto cabe preguntarse ¿qué papel juegan la cultura y la educación en el nuevo contrato social y en el marco de la Agenda 2030?</p>
