{"id":4648,"date":"2023-11-20T18:52:03","date_gmt":"2023-11-20T17:52:03","guid":{"rendered":"https:\/\/www.factoria-4-7.org\/?post_type=tribe_events&#038;p=4648"},"modified":"2023-11-20T18:59:49","modified_gmt":"2023-11-20T17:59:49","slug":"declaracion-europea-sobre-educacion-global-2050","status":"publish","type":"tribe_events","link":"https:\/\/www.factoria-4-7.org\/ca\/evento\/declaracion-europea-sobre-educacion-global-2050\/","title":{"rendered":"Declaraci\u00f3n Europea sobre Educaci\u00f3n Global 2050"},"content":{"rendered":"<p>En noviembre de 2022, la Red Europea de Educaci\u00f3n Global GENE, que re\u00fane a Agencias de Cooperaci\u00f3n y Ministerios con competencia en Ciudadan\u00eda Global de los pa\u00edses miembros de la UE, suscribi\u00f3 la Declaraci\u00f3n Europea sobre Educaci\u00f3n Global 2050, m\u00e1s conocida por la Declaraci\u00f3n de Dubl\u00edn.<\/p>\n<p>Transcurrido un a\u00f1o de la declaraci\u00f3n, os invitamos a una jornada cuyo objetivo es\u00a0 darla a conocer y promover la\u00a0 reflexi\u00f3n sobre las posibilidades de su implementaci\u00f3n en lo local.<\/p>\n<p>Tendr\u00e1 lugar el <strong>lunes, 27 de noviembre, entre las 9:45 y las 14:00 horas en la sala Oteiza del Bizkaia Aretoa (<\/strong>Bilbao<strong>)<\/strong>.<\/p>\n<p>El <strong>programa de la jornada<\/strong> es el siguiente:<\/p>\n<p><strong>9:45<\/strong> \u00a0\u00a0\u00a0Recepci\u00f3n<\/p>\n<p><strong>10:00<\/strong> \u00a0Bienvenida y presentaci\u00f3n<\/p>\n<p><strong>10:10<\/strong> \u00a0Conociendo la Declaraci\u00f3n de Dubl\u00edn<\/p>\n<ul>\n<li>Ditta Trindade Dolejsiova, GENE- Global Education Network Europe<\/li>\n<\/ul>\n<p><strong>11:00<\/strong> \u00a0Descanso<\/p>\n<p><strong>11:30<\/strong> \u00a0Di\u00e1logo: retos y oportunidades que plantea<\/p>\n<ul>\n<li>Lur Fern\u00e1ndez Salinas, t\u00e9cnica de educaci\u00f3n para el desarrollo y sensibilizaci\u00f3n de PLATFORMA- Acci\u00f3n Internacional Local y Regional<\/li>\n<li>Pilar Deb\u00e9n G\u00f3mez, t\u00e9cnica de educaci\u00f3n de la AECID \u00a0(Agencia Espa\u00f1ola de Cooperaci\u00f3n Internacional para el Desarrollo)<\/li>\n<\/ul>\n<p><strong>12:30<\/strong> \u00a0Implementaci\u00f3n de la Declaraci\u00f3n a nivel local<\/p>\n<p><strong>13:30<\/strong> \u00a0Evaluaci\u00f3n y cierre<\/p>\n<p>Inscripciones abiertas hasta el 24 de noviembre <strong><u><a href=\"https:\/\/forms.gle\/ug7rTdnAWZmixmdV7\">aqu\u00ed<\/a><\/u><\/strong><\/p>\n<p>Plazas limitadas.<\/p>\n<p>&nbsp;<\/p>\n","protected":false},"excerpt":{"rendered":"<p>En noviembre de 2022, la Red Europea de Educaci\u00f3n Global GENE, que re\u00fane a Agencias de Cooperaci\u00f3n y Ministerios con competencia en Ciudadan\u00eda Global de los pa\u00edses miembros de la [&hellip;]<\/p>\n","protected":false},"author":6,"featured_media":4649,"template":"","meta":{"_acf_changed":false,"_tribe_events_status":"","_tribe_events_status_reason":"","footnotes":""},"tags":[],"ods":[19],"tribe_events_cat":[],"class_list":["post-4648","tribe_events","type-tribe_events","status-publish","has-post-thumbnail","hentry","ods-educacion-calidad"],"acf":[],"_links":{"self":[{"href":"https:\/\/www.factoria-4-7.org\/ca\/wp-json\/wp\/v2\/tribe_events\/4648","targetHints":{"allow":["GET"]}}],"collection":[{"href":"https:\/\/www.factoria-4-7.org\/ca\/wp-json\/wp\/v2\/tribe_events"}],"about":[{"href":"https:\/\/www.factoria-4-7.org\/ca\/wp-json\/wp\/v2\/types\/tribe_events"}],"author":[{"embeddable":true,"href":"https:\/\/www.factoria-4-7.org\/ca\/wp-json\/wp\/v2\/users\/6"}],"version-history":[{"count":2,"href":"https:\/\/www.factoria-4-7.org\/ca\/wp-json\/wp\/v2\/tribe_events\/4648\/revisions"}],"predecessor-version":[{"id":4653,"href":"https:\/\/www.factoria-4-7.org\/ca\/wp-json\/wp\/v2\/tribe_events\/4648\/revisions\/4653"}],"wp:featuredmedia":[{"embeddable":true,"href":"https:\/\/www.factoria-4-7.org\/ca\/wp-json\/wp\/v2\/media\/4649"}],"wp:attachment":[{"href":"https:\/\/www.factoria-4-7.org\/ca\/wp-json\/wp\/v2\/media?parent=4648"}],"wp:term":[{"taxonomy":"post_tag","embeddable":true,"href":"https:\/\/www.factoria-4-7.org\/ca\/wp-json\/wp\/v2\/tags?post=4648"},{"taxonomy":"ods","embeddable":true,"href":"https:\/\/www.factoria-4-7.org\/ca\/wp-json\/wp\/v2\/ods?post=4648"},{"taxonomy":"tribe_events_cat","embeddable":true,"href":"https:\/\/www.factoria-4-7.org\/ca\/wp-json\/wp\/v2\/tribe_events_cat?post=4648"}],"curies":[{"name":"wp","href":"https:\/\/api.w.org\/{rel}","templated":true}]}}

Declaración Europea sobre Educación Global 2050

<p>En noviembre de 2022, la Red Europea de Educación Global GENE, que reúne a Agencias de Cooperación y Ministerios con competencia en Ciudadanía Global de los países miembros de la UE, suscribió la Declaración Europea sobre Educación Global 2050, más conocida por la Declaración de Dublín.</p>
<p>Transcurrido un año de la declaración, os invitamos a una jornada cuyo objetivo es  darla a conocer y promover la  reflexión sobre las posibilidades de su implementación en lo local.</p>
<p>Tendrá lugar el <strong>lunes, 27 de noviembre, entre las 9:45 y las 14:00 horas en la sala Oteiza del Bizkaia Aretoa (</strong>Bilbao<strong>)</strong>.</p>
<p>El <strong>programa de la jornada</strong> es el siguiente:</p>
<p><strong>9:45</strong>    Recepción</p>
<p><strong>10:00</strong>  Bienvenida y presentación</p>
<p><strong>10:10</strong>  Conociendo la Declaración de Dublín</p>
<ul>
<li>Ditta Trindade Dolejsiova, GENE- Global Education Network Europe</li>
</ul>
<p><strong>11:00</strong>  Descanso</p>
<p><strong>11:30</strong>  Diálogo: retos y oportunidades que plantea</p>
<ul>
<li>Lur Fernández Salinas, técnica de educación para el desarrollo y sensibilización de PLATFORMA- Acción Internacional Local y Regional</li>
<li>Pilar Debén Gómez, técnica de educación de la AECID  (Agencia Española de Cooperación Internacional para el Desarrollo)</li>
</ul>
<p><strong>12:30</strong>  Implementación de la Declaración a nivel local</p>
<p><strong>13:30</strong>  Evaluación y cierre</p>
<p>Inscripciones abiertas hasta el 24 de noviembre <strong><u><a href="https://forms.gle/ug7rTdnAWZmixmdV7">aquí</a></u></strong></p>
<p>Plazas limitadas.</p>
<p>&nbsp;</p>

<p>En noviembre de 2022, la Red Europea de Educación Global GENE, que reúne a Agencias de Cooperación y Ministerios con competencia en Ciudadanía Global de los países miembros de la [&hellip;]</p>
