{"id":5277,"date":"2024-03-09T16:48:41","date_gmt":"2024-03-09T15:48:41","guid":{"rendered":"https:\/\/www.factoria-4-7.org\/?post_type=tribe_events&#038;p=5277"},"modified":"2024-03-12T18:24:18","modified_gmt":"2024-03-12T17:24:18","slug":"pintxovote-como-contribuye-la-ue-a-una-sociedad-mas-abierta-e-igualitaria","status":"publish","type":"tribe_events","link":"https:\/\/www.factoria-4-7.org\/ca\/evento\/pintxovote-como-contribuye-la-ue-a-una-sociedad-mas-abierta-e-igualitaria\/","title":{"rendered":"Pintxo&amp;Vote!! \u00bfC\u00f3mo contribuye la UE a una sociedad m\u00e1s abierta e igualitaria?"},"content":{"rendered":"<p>En el marco del proyecto\u00a0<i><b>Got My Voyte<\/b><\/i>, la asociaci\u00f3n getxotarra\u00a0<b>eCivis<\/b>\u00a0invita a la juventud de Getxo y de Bizkaia a un nuevo encuentro Pintxo&amp;Vote el pr\u00f3ximo viernes\u00a0<b>22 de marzo<\/b>, esta vez en el espacio de Getxo Elkartegia, en el municipio de Getxo.<\/p>\n<p>Los encuentros Pintxo&amp;Vote se enmarcan dentro del proyecto\u00a0<i>Got My Vote!,<\/i>\u00a0que se desarrolla en Bizkaia hasta el mes de mayo, con apoyo del Parlamento Europeo y el Departamento de Empleo, Cohesi\u00f3n Social e Igualdad de la Diputaci\u00f3n Foral de Bizkaia. Su objetivo es\u00a0<b>propiciar el encuentro y el di\u00e1logo de la juventud y de la ciudadan\u00eda\u00a0<\/b>en general en torno a temas de actualidad, en el contexto de las pr\u00f3ximas elecciones al Parlamento Europeo.<\/p>\n<p>El pr\u00f3ximo 22 de marzo a partir de las 18.00 se reflexionar\u00e1 en torno a la Uni\u00f3n Europea como espacio de igualdad, diversidad y derechos para todas las personas, con la participaci\u00f3n de\u00a0<b>Eider Gardiazabal Rubia<\/b>l, diputada en el Parlamento Europeo en el grupo de la Alianza Progresista de Socialistas y Dem\u00f3cratas, y<b> Susana Ch\u00e1varri P\u00e9rez<\/b>, responsable de relaciones institucionales de la asociaci\u00f3n Gregorio Ybarra.<\/p>\n<p>Todo ello dinamizado por\u00a0<b>Mihaela Jilavu,\u00a0<\/b>concejala de Juventud en el Ayuntamiento de Getxo. El evento contar\u00e1 adem\u00e1s con int\u00e9rprete de lengua de signos, gracias al apoyo y colaboraci\u00f3n de la Asociaci\u00f3n Gregorio Ibarra.<\/p>\n<p>Para m\u00e1s informaci\u00f3n pod\u00e9is contactar con la asociaci\u00f3n eCivis en el tel\u00e9fono 636644671 o en la direcci\u00f3n de correo electr\u00f3nico info@ecivis.eus.<\/p>\n","protected":false},"excerpt":{"rendered":"<p>En el marco del proyecto\u00a0Got My Voyte, la asociaci\u00f3n getxotarra\u00a0eCivis\u00a0invita a la juventud de Getxo y de Bizkaia a un nuevo encuentro Pintxo&amp;Vote el pr\u00f3ximo viernes\u00a022 de marzo, esta vez [&hellip;]<\/p>\n","protected":false},"author":47,"featured_media":5278,"template":"","meta":{"_acf_changed":false,"_tribe_events_status":"","_tribe_events_status_reason":"","footnotes":""},"tags":[],"ods":[13,7,6,5,19,18],"tribe_events_cat":[],"class_list":["post-5277","tribe_events","type-tribe_events","status-publish","has-post-thumbnail","hentry","ods-reducir-desigualdades","ods-paz-justicia-instituciones-solidas","ods-alianzas-para-lograr-objetivos","ods-diversidad-linguistica-cultural","ods-educacion-calidad","ods-igualdad-genero"],"acf":[],"_links":{"self":[{"href":"https:\/\/www.factoria-4-7.org\/ca\/wp-json\/wp\/v2\/tribe_events\/5277","targetHints":{"allow":["GET"]}}],"collection":[{"href":"https:\/\/www.factoria-4-7.org\/ca\/wp-json\/wp\/v2\/tribe_events"}],"about":[{"href":"https:\/\/www.factoria-4-7.org\/ca\/wp-json\/wp\/v2\/types\/tribe_events"}],"author":[{"embeddable":true,"href":"https:\/\/www.factoria-4-7.org\/ca\/wp-json\/wp\/v2\/users\/47"}],"version-history":[{"count":3,"href":"https:\/\/www.factoria-4-7.org\/ca\/wp-json\/wp\/v2\/tribe_events\/5277\/revisions"}],"predecessor-version":[{"id":5293,"href":"https:\/\/www.factoria-4-7.org\/ca\/wp-json\/wp\/v2\/tribe_events\/5277\/revisions\/5293"}],"wp:featuredmedia":[{"embeddable":true,"href":"https:\/\/www.factoria-4-7.org\/ca\/wp-json\/wp\/v2\/media\/5278"}],"wp:attachment":[{"href":"https:\/\/www.factoria-4-7.org\/ca\/wp-json\/wp\/v2\/media?parent=5277"}],"wp:term":[{"taxonomy":"post_tag","embeddable":true,"href":"https:\/\/www.factoria-4-7.org\/ca\/wp-json\/wp\/v2\/tags?post=5277"},{"taxonomy":"ods","embeddable":true,"href":"https:\/\/www.factoria-4-7.org\/ca\/wp-json\/wp\/v2\/ods?post=5277"},{"taxonomy":"tribe_events_cat","embeddable":true,"href":"https:\/\/www.factoria-4-7.org\/ca\/wp-json\/wp\/v2\/tribe_events_cat?post=5277"}],"curies":[{"name":"wp","href":"https:\/\/api.w.org\/{rel}","templated":true}]}}

Pintxo&amp;Vote!! ¿Cómo contribuye la UE a una sociedad más abierta e igualitaria?

<p>En el marco del proyecto <i><b>Got My Voyte</b></i>, la asociación getxotarra <b>eCivis</b> invita a la juventud de Getxo y de Bizkaia a un nuevo encuentro Pintxo&amp;Vote el próximo viernes <b>22 de marzo</b>, esta vez en el espacio de Getxo Elkartegia, en el municipio de Getxo.</p>
<p>Los encuentros Pintxo&amp;Vote se enmarcan dentro del proyecto <i>Got My Vote!,</i> que se desarrolla en Bizkaia hasta el mes de mayo, con apoyo del Parlamento Europeo y el Departamento de Empleo, Cohesión Social e Igualdad de la Diputación Foral de Bizkaia. Su objetivo es <b>propiciar el encuentro y el diálogo de la juventud y de la ciudadanía </b>en general en torno a temas de actualidad, en el contexto de las próximas elecciones al Parlamento Europeo.</p>
<p>El próximo 22 de marzo a partir de las 18.00 se reflexionará en torno a la Unión Europea como espacio de igualdad, diversidad y derechos para todas las personas, con la participación de <b>Eider Gardiazabal Rubia</b>l, diputada en el Parlamento Europeo en el grupo de la Alianza Progresista de Socialistas y Demócratas, y<b> Susana Chávarri Pérez</b>, responsable de relaciones institucionales de la asociación Gregorio Ybarra.</p>
<p>Todo ello dinamizado por <b>Mihaela Jilavu, </b>concejala de Juventud en el Ayuntamiento de Getxo. El evento contará además con intérprete de lengua de signos, gracias al apoyo y colaboración de la Asociación Gregorio Ibarra.</p>
<p>Para más información podéis contactar con la asociación eCivis en el teléfono 636644671 o en la dirección de correo electrónico info@ecivis.eus.</p>

<p>En el marco del proyecto Got My Voyte, la asociación getxotarra eCivis invita a la juventud de Getxo y de Bizkaia a un nuevo encuentro Pintxo&amp;Vote el próximo viernes 22 de marzo, esta vez [&hellip;]</p>
