{"id":5282,"date":"2024-03-11T13:21:15","date_gmt":"2024-03-11T12:21:15","guid":{"rendered":"https:\/\/www.factoria-4-7.org\/?post_type=tribe_events&#038;p=5282"},"modified":"2024-03-11T13:29:40","modified_gmt":"2024-03-11T12:29:40","slug":"xiv-jornadas-estrategias-positivas-de-desarrollo","status":"publish","type":"tribe_events","link":"https:\/\/www.factoria-4-7.org\/ca\/evento\/xiv-jornadas-estrategias-positivas-de-desarrollo\/","title":{"rendered":"XIV Jornadas Estrategias Positivas de Desarrollo"},"content":{"rendered":"<p>Dialogo local-global entre experiencias coeducativas.<\/p>\n<p>En los \u00faltimos a\u00f1os, la coeducaci\u00f3n est\u00e1 teniendo cada vez mayor presencia en debates, pol\u00edticas e iniciativas de la CAE. Cabe destacar que la coeducaci\u00f3n tradicionalmente se ha centrado en la educaci\u00f3n formal y es, por tanto, en los centros educativos donde se ha dado su mayor desarrollo. Paulatinamente se est\u00e1 avanzando en su transversalizaci\u00f3n, trascendiendo el propio espacio del aula y estableciendo planes coeducativos integrales que apelen a la responsabilidad colectiva.<\/p>\n<p>La globalizaci\u00f3n actualmente hegem\u00f3nica se sustenta en el sistema sexo-g\u00e9nero, en un modelo de producci\u00f3n, reproducci\u00f3n y consumo extractivista, capitalista e imperialista y en la demarcaci\u00f3n de fronteras f\u00edsicas y simb\u00f3licas que son violencia estructural, sist\u00e9mica y sistem\u00e1tica para personas, pueblos y planeta, y que hacen imposible la sostenibilidad de la vida. As\u00ed, los ejes de opresi\u00f3n se normalizan y expresan en m\u00faltiples formas cotidianas. En este escenario, la coeducaci\u00f3n \u2013transformadora, feminista, antirracista, interseccional- se presenta como horizonte y como una de las estrategias positivas para el desarrollo y para la igualdad.<\/p>\n<p>Sin embargo, el repunte de las resistencias a los cambios logrados en este terreno nos lleva a afirmar que nos encontramos en un momento de inflexi\u00f3n. El sentimiento de amenaza a la normalidad, y, por tanto, a los privilegios construidos e instaurados por el machismo cisheteronormativo -en convivencia con el capitalismo y el colonialismo- parece estar en la base de estas resistencias.<\/p>\n<p>En cuanto a los retos definidos, encontramos, entre otros: realizar procesos integrales y participativos, apostar por un enfoque local-global y fomentar y ampliar las alianzas para la construcci\u00f3n colectiva de estrategias frente a las resistencias al cambio. Trataremos de abordar estos temas y muchos m\u00e1s durante la XIV edici\u00f3n de las Jornadas Estrategias Positivas de Desarrollo de 2024 organizadas por Elankidetza- Agencia Vasca de Cooperaci\u00f3n y Solidaridad y el Ayuntamiento de Bilbao, que llevan por t\u00edtulo \u201cAhulduntzeko zubi hezkidetzaileak. Di\u00e1logo local-global entre experiencias coeducativas\u201d. Los objetivos de las Jornadas son:<\/p>\n<ul>\n<li>Generar un espacio de encuentro y di\u00e1logo entre saberes y experiencias coeducativas con enfoque local-global y feministas, que inspire cuestionamiento, experimentaci\u00f3n y aprendizaje significativo para avanzar hacia una educaci\u00f3n y sociedad igualitarias.<\/li>\n<li>Visibilizar las pr\u00e1cticas, experiencias y reflexiones de organizaciones, movimientos sociales e instituciones en torno a intervenciones coeducativas, y analizar qu\u00e9 ha significado el abordaje de esa mirada para la organizaci\u00f3n y para las personas que trabajan en ella, as\u00ed como sus dificultades y potencialidades.<\/li>\n<li>Debatir sobre los desaf\u00edos, tanto de la cooperaci\u00f3n internacional como de la educaci\u00f3n para la transformaci\u00f3n social, en este \u00e1mbito.<\/li>\n<\/ul>\n","protected":false},"excerpt":{"rendered":"<p>Dialogo local-global entre experiencias coeducativas. En los \u00faltimos a\u00f1os, la coeducaci\u00f3n est\u00e1 teniendo cada vez mayor presencia en debates, pol\u00edticas e iniciativas de la CAE. Cabe destacar que la coeducaci\u00f3n [&hellip;]<\/p>\n","protected":false},"author":6,"featured_media":5283,"template":"","meta":{"_acf_changed":false,"_tribe_events_status":"","_tribe_events_status_reason":"","footnotes":""},"tags":[],"ods":[19,18],"tribe_events_cat":[],"class_list":["post-5282","tribe_events","type-tribe_events","status-publish","has-post-thumbnail","hentry","ods-educacion-calidad","ods-igualdad-genero"],"acf":[],"_links":{"self":[{"href":"https:\/\/www.factoria-4-7.org\/ca\/wp-json\/wp\/v2\/tribe_events\/5282","targetHints":{"allow":["GET"]}}],"collection":[{"href":"https:\/\/www.factoria-4-7.org\/ca\/wp-json\/wp\/v2\/tribe_events"}],"about":[{"href":"https:\/\/www.factoria-4-7.org\/ca\/wp-json\/wp\/v2\/types\/tribe_events"}],"author":[{"embeddable":true,"href":"https:\/\/www.factoria-4-7.org\/ca\/wp-json\/wp\/v2\/users\/6"}],"version-history":[{"count":5,"href":"https:\/\/www.factoria-4-7.org\/ca\/wp-json\/wp\/v2\/tribe_events\/5282\/revisions"}],"predecessor-version":[{"id":5290,"href":"https:\/\/www.factoria-4-7.org\/ca\/wp-json\/wp\/v2\/tribe_events\/5282\/revisions\/5290"}],"wp:featuredmedia":[{"embeddable":true,"href":"https:\/\/www.factoria-4-7.org\/ca\/wp-json\/wp\/v2\/media\/5283"}],"wp:attachment":[{"href":"https:\/\/www.factoria-4-7.org\/ca\/wp-json\/wp\/v2\/media?parent=5282"}],"wp:term":[{"taxonomy":"post_tag","embeddable":true,"href":"https:\/\/www.factoria-4-7.org\/ca\/wp-json\/wp\/v2\/tags?post=5282"},{"taxonomy":"ods","embeddable":true,"href":"https:\/\/www.factoria-4-7.org\/ca\/wp-json\/wp\/v2\/ods?post=5282"},{"taxonomy":"tribe_events_cat","embeddable":true,"href":"https:\/\/www.factoria-4-7.org\/ca\/wp-json\/wp\/v2\/tribe_events_cat?post=5282"}],"curies":[{"name":"wp","href":"https:\/\/api.w.org\/{rel}","templated":true}]}}

<p>Dialogo local-global entre experiencias coeducativas.</p>
<p>En los últimos años, la coeducación está teniendo cada vez mayor presencia en debates, políticas e iniciativas de la CAE. Cabe destacar que la coeducación tradicionalmente se ha centrado en la educación formal y es, por tanto, en los centros educativos donde se ha dado su mayor desarrollo. Paulatinamente se está avanzando en su transversalización, trascendiendo el propio espacio del aula y estableciendo planes coeducativos integrales que apelen a la responsabilidad colectiva.</p>
<p>La globalización actualmente hegemónica se sustenta en el sistema sexo-género, en un modelo de producción, reproducción y consumo extractivista, capitalista e imperialista y en la demarcación de fronteras físicas y simbólicas que son violencia estructural, sistémica y sistemática para personas, pueblos y planeta, y que hacen imposible la sostenibilidad de la vida. Así, los ejes de opresión se normalizan y expresan en múltiples formas cotidianas. En este escenario, la coeducación –transformadora, feminista, antirracista, interseccional- se presenta como horizonte y como una de las estrategias positivas para el desarrollo y para la igualdad.</p>
<p>Sin embargo, el repunte de las resistencias a los cambios logrados en este terreno nos lleva a afirmar que nos encontramos en un momento de inflexión. El sentimiento de amenaza a la normalidad, y, por tanto, a los privilegios construidos e instaurados por el machismo cisheteronormativo -en convivencia con el capitalismo y el colonialismo- parece estar en la base de estas resistencias.</p>
<p>En cuanto a los retos definidos, encontramos, entre otros: realizar procesos integrales y participativos, apostar por un enfoque local-global y fomentar y ampliar las alianzas para la construcción colectiva de estrategias frente a las resistencias al cambio. Trataremos de abordar estos temas y muchos más durante la XIV edición de las Jornadas Estrategias Positivas de Desarrollo de 2024 organizadas por Elankidetza- Agencia Vasca de Cooperación y Solidaridad y el Ayuntamiento de Bilbao, que llevan por título “Ahulduntzeko zubi hezkidetzaileak. Diálogo local-global entre experiencias coeducativas”. Los objetivos de las Jornadas son:</p>
<ul>
<li>Generar un espacio de encuentro y diálogo entre saberes y experiencias coeducativas con enfoque local-global y feministas, que inspire cuestionamiento, experimentación y aprendizaje significativo para avanzar hacia una educación y sociedad igualitarias.</li>
<li>Visibilizar las prácticas, experiencias y reflexiones de organizaciones, movimientos sociales e instituciones en torno a intervenciones coeducativas, y analizar qué ha significado el abordaje de esa mirada para la organización y para las personas que trabajan en ella, así como sus dificultades y potencialidades.</li>
<li>Debatir sobre los desafíos, tanto de la cooperación internacional como de la educación para la transformación social, en este ámbito.</li>
</ul>

<p>Dialogo local-global entre experiencias coeducativas. En los últimos años, la coeducación está teniendo cada vez mayor presencia en debates, políticas e iniciativas de la CAE. Cabe destacar que la coeducación [&hellip;]</p>
