{"id":1174,"date":"2023-02-08T11:58:10","date_gmt":"2023-02-08T11:58:10","guid":{"rendered":"https:\/\/www.factoria-4-7.org\/?post_type=tribe_events&#038;p=1174"},"modified":"2023-02-13T15:32:28","modified_gmt":"2023-02-13T15:32:28","slug":"gala-de-entrega-del-xxvi-premio-marcelo-gangoiti-saria","status":"publish","type":"tribe_events","link":"https:\/\/www.factoria-4-7.org\/eu\/evento\/gala-de-entrega-del-xxvi-premio-marcelo-gangoiti-saria\/","title":{"rendered":"Gala de entrega del XXVI premio Marcelo Gangoiti saria"},"content":{"rendered":"<p>El 27 de enero a las 12h se celebrar\u00e1 el acto que contar\u00e1 con la participaci\u00f3n como ponente de D\u00f1a. Itziar Epalza Urkiaga, Directora General de la Red de Parques Tecnol\u00f3gicos de Euskadi.<br \/>\nSe podr\u00e1 seguir el evento v\u00eda streaming a trav\u00e9s del canal de youtube del centro.<br \/>\nEl Premio Marcelo Gangoiti est\u00e1 organizado por SPRI, Diputaci\u00f3n Foral de Bizkaia, CEBEK y el Centro Formaci\u00f3n Somorrostro y premia a la labor empresarial que se desarrolla en la Margen Izquierda y Zona Minera.<br \/>\nEn el \u00e1nimo de los organizadores est\u00e1 que en el Premio se sientan reconocidas todas aquellas personas que apuestan por generar riqueza en nuestro territorio, bien a trav\u00e9s de inversiones, creaci\u00f3n de empleo, apostando por la innovaci\u00f3n, o cuidando el medio ambiente.<\/p>\n","protected":false},"excerpt":{"rendered":"<p>El 27 de enero a las 12h se celebrar\u00e1 el acto que contar\u00e1 con la participaci\u00f3n como ponente de D\u00f1a. Itziar Epalza Urkiaga, Directora General de la Red de Parques [&hellip;]<\/p>\n","protected":false},"author":3,"featured_media":1126,"template":"","meta":{"_acf_changed":false,"_tribe_events_status":"","_tribe_events_status_reason":"","footnotes":""},"tags":[],"ods":[22,11,17,16,15],"tribe_events_cat":[],"class_list":["post-1174","tribe_events","type-tribe_events","status-publish","has-post-thumbnail","hentry","ods-fin-pobreza","ods-produccion-consumo-sostenibles","ods-agua-limpia-saneamiento","ods-energia-asequible-no-contaminante","ods-trabajo-decente-crecimiento-economico"],"acf":[],"_links":{"self":[{"href":"https:\/\/www.factoria-4-7.org\/eu\/wp-json\/wp\/v2\/tribe_events\/1174","targetHints":{"allow":["GET"]}}],"collection":[{"href":"https:\/\/www.factoria-4-7.org\/eu\/wp-json\/wp\/v2\/tribe_events"}],"about":[{"href":"https:\/\/www.factoria-4-7.org\/eu\/wp-json\/wp\/v2\/types\/tribe_events"}],"author":[{"embeddable":true,"href":"https:\/\/www.factoria-4-7.org\/eu\/wp-json\/wp\/v2\/users\/3"}],"version-history":[{"count":1,"href":"https:\/\/www.factoria-4-7.org\/eu\/wp-json\/wp\/v2\/tribe_events\/1174\/revisions"}],"predecessor-version":[{"id":1177,"href":"https:\/\/www.factoria-4-7.org\/eu\/wp-json\/wp\/v2\/tribe_events\/1174\/revisions\/1177"}],"wp:featuredmedia":[{"embeddable":true,"href":"https:\/\/www.factoria-4-7.org\/eu\/wp-json\/wp\/v2\/media\/1126"}],"wp:attachment":[{"href":"https:\/\/www.factoria-4-7.org\/eu\/wp-json\/wp\/v2\/media?parent=1174"}],"wp:term":[{"taxonomy":"post_tag","embeddable":true,"href":"https:\/\/www.factoria-4-7.org\/eu\/wp-json\/wp\/v2\/tags?post=1174"},{"taxonomy":"ods","embeddable":true,"href":"https:\/\/www.factoria-4-7.org\/eu\/wp-json\/wp\/v2\/ods?post=1174"},{"taxonomy":"tribe_events_cat","embeddable":true,"href":"https:\/\/www.factoria-4-7.org\/eu\/wp-json\/wp\/v2\/tribe_events_cat?post=1174"}],"curies":[{"name":"wp","href":"https:\/\/api.w.org\/{rel}","templated":true}]}}

<p>El 27 de enero a las 12h se celebrará el acto que contará con la participación como ponente de Dña. Itziar Epalza Urkiaga, Directora General de la Red de Parques Tecnológicos de Euskadi.<br />
Se podrá seguir el evento vía streaming a través del canal de youtube del centro.<br />
El Premio Marcelo Gangoiti está organizado por SPRI, Diputación Foral de Bizkaia, CEBEK y el Centro Formación Somorrostro y premia a la labor empresarial que se desarrolla en la Margen Izquierda y Zona Minera.<br />
En el ánimo de los organizadores está que en el Premio se sientan reconocidas todas aquellas personas que apuestan por generar riqueza en nuestro territorio, bien a través de inversiones, creación de empleo, apostando por la innovación, o cuidando el medio ambiente.</p>

<p>El 27 de enero a las 12h se celebrará el acto que contará con la participación como ponente de Dña. Itziar Epalza Urkiaga, Directora General de la Red de Parques [&hellip;]</p>
