{"id":5296,"date":"2024-03-23T14:40:20","date_gmt":"2024-03-23T13:40:20","guid":{"rendered":"https:\/\/www.factoria-4-7.org\/?post_type=tribe_events&#038;p=5296"},"modified":"2024-03-23T14:40:20","modified_gmt":"2024-03-23T13:40:20","slug":"encuentro-anual-de-educacion-de-congdn","status":"publish","type":"tribe_events","link":"https:\/\/www.factoria-4-7.org\/eu\/evento\/encuentro-anual-de-educacion-de-congdn\/","title":{"rendered":"Encuentro Anual de Educaci\u00f3n de CONGDN"},"content":{"rendered":"<p>Desde Coordinadora de ONGD de Navarra queremos invitarte al Encuentro Anual de Educaci\u00f3n de CONGDN en el que tendremos como invitada a Carolina del R\u00edo del Movimiento 4.7.<\/p>\n<p>El\u00a0<a href=\"https:\/\/www.4punto7.org\/\"><strong>Movimiento 4.7<\/strong>\u00a0<\/a>es un espacio de encuentro y construcci\u00f3n colectiva entre sectores diversos \u2013 ONG, movimientos ciudadanos, plataformas, redes, sindicatos\u2026\u00a0Desde un liderazgo colectivo impulsa la acci\u00f3n pol\u00edtica en torno a la necesidad de incorporar, medir y financiar adecuadamente la\u00a0<em>Educaci\u00f3n para la Ciudadan\u00eda Global<\/em> a nivel local, auton\u00f3mico y nacional.<\/p>\n<p>Nos presentar\u00e1n de d\u00f3nde nace este movimiento (origen y recorrido), las organizaciones promotoras y todas las que se est\u00e1n sumando, los objetivos que se plantea y las propuestas de trabajo que est\u00e1 impulsando.<\/p>\n<p>El Encuentro tendr\u00e1 lugar en el Sal\u00f3n de Actos de la Residencia Fuerte el Pr\u00edncipe, el <strong>mi\u00e9rcoles 10 de abril de 17:15 a 19:15<\/strong>. (<a href=\"https:\/\/www.google.com\/maps\/place\/data=!4m2!3m1!1s0xd50925373534653:0xbef1927badb91b6a?sa=X&amp;ved=1t:8290&amp;ictx=111\">C. Goroabe, 36, 31005 Pamplona<\/a>)<\/p>\n<p>Esperamos vuestra asistencia!!! Os dejamos un enlace de inscripci\u00f3n:<\/p>\n<p><a href=\"https:\/\/forms.gle\/asFWnggW4Ct3oKzt8\">https:\/\/forms.gle\/asFWnggW4Ct3oKzt8<\/a><\/p>\n","protected":false},"excerpt":{"rendered":"<p>Desde Coordinadora de ONGD de Navarra queremos invitarte al Encuentro Anual de Educaci\u00f3n de CONGDN en el que tendremos como invitada a Carolina del R\u00edo del Movimiento 4.7. El\u00a0Movimiento 4.7\u00a0es [&hellip;]<\/p>\n","protected":false},"author":6,"featured_media":5297,"template":"","meta":{"_acf_changed":false,"_tribe_events_status":"","_tribe_events_status_reason":"","footnotes":""},"tags":[],"ods":[6,19],"tribe_events_cat":[],"class_list":["post-5296","tribe_events","type-tribe_events","status-publish","has-post-thumbnail","hentry","ods-alianzas-para-lograr-objetivos","ods-educacion-calidad"],"acf":[],"_links":{"self":[{"href":"https:\/\/www.factoria-4-7.org\/eu\/wp-json\/wp\/v2\/tribe_events\/5296","targetHints":{"allow":["GET"]}}],"collection":[{"href":"https:\/\/www.factoria-4-7.org\/eu\/wp-json\/wp\/v2\/tribe_events"}],"about":[{"href":"https:\/\/www.factoria-4-7.org\/eu\/wp-json\/wp\/v2\/types\/tribe_events"}],"author":[{"embeddable":true,"href":"https:\/\/www.factoria-4-7.org\/eu\/wp-json\/wp\/v2\/users\/6"}],"version-history":[{"count":1,"href":"https:\/\/www.factoria-4-7.org\/eu\/wp-json\/wp\/v2\/tribe_events\/5296\/revisions"}],"predecessor-version":[{"id":5301,"href":"https:\/\/www.factoria-4-7.org\/eu\/wp-json\/wp\/v2\/tribe_events\/5296\/revisions\/5301"}],"wp:featuredmedia":[{"embeddable":true,"href":"https:\/\/www.factoria-4-7.org\/eu\/wp-json\/wp\/v2\/media\/5297"}],"wp:attachment":[{"href":"https:\/\/www.factoria-4-7.org\/eu\/wp-json\/wp\/v2\/media?parent=5296"}],"wp:term":[{"taxonomy":"post_tag","embeddable":true,"href":"https:\/\/www.factoria-4-7.org\/eu\/wp-json\/wp\/v2\/tags?post=5296"},{"taxonomy":"ods","embeddable":true,"href":"https:\/\/www.factoria-4-7.org\/eu\/wp-json\/wp\/v2\/ods?post=5296"},{"taxonomy":"tribe_events_cat","embeddable":true,"href":"https:\/\/www.factoria-4-7.org\/eu\/wp-json\/wp\/v2\/tribe_events_cat?post=5296"}],"curies":[{"name":"wp","href":"https:\/\/api.w.org\/{rel}","templated":true}]}}

Encuentro Anual de Educación de CONGDN

<p>Desde Coordinadora de ONGD de Navarra queremos invitarte al Encuentro Anual de Educación de CONGDN en el que tendremos como invitada a Carolina del Río del Movimiento 4.7.</p>
<p>El <a href="https://www.4punto7.org/"><strong>Movimiento 4.7</strong> </a>es un espacio de encuentro y construcción colectiva entre sectores diversos – ONG, movimientos ciudadanos, plataformas, redes, sindicatos… Desde un liderazgo colectivo impulsa la acción política en torno a la necesidad de incorporar, medir y financiar adecuadamente la <em>Educación para la Ciudadanía Global</em> a nivel local, autonómico y nacional.</p>
<p>Nos presentarán de dónde nace este movimiento (origen y recorrido), las organizaciones promotoras y todas las que se están sumando, los objetivos que se plantea y las propuestas de trabajo que está impulsando.</p>
<p>El Encuentro tendrá lugar en el Salón de Actos de la Residencia Fuerte el Príncipe, el <strong>miércoles 10 de abril de 17:15 a 19:15</strong>. (<a href="https://www.google.com/maps/place/data=!4m2!3m1!1s0xd50925373534653:0xbef1927badb91b6a?sa=X&amp;ved=1t:8290&amp;ictx=111">C. Goroabe, 36, 31005 Pamplona</a>)</p>
<p>Esperamos vuestra asistencia!!! Os dejamos un enlace de inscripción:</p>
<p><a href="https://forms.gle/asFWnggW4Ct3oKzt8">https://forms.gle/asFWnggW4Ct3oKzt8</a></p>

<p>Desde Coordinadora de ONGD de Navarra queremos invitarte al Encuentro Anual de Educación de CONGDN en el que tendremos como invitada a Carolina del Río del Movimiento 4.7. El Movimiento 4.7 es [&hellip;]</p>
