{"id":1190,"date":"2023-02-09T09:34:25","date_gmt":"2023-02-09T09:34:25","guid":{"rendered":"https:\/\/www.factoria-4-7.org\/?post_type=tribe_events&#038;p=1190"},"modified":"2023-02-13T16:49:22","modified_gmt":"2023-02-13T16:49:22","slug":"presentacion-del-centro-regional-de-educacion-para-el-desarrollo-sostenible-rce-basque-country-navarre","status":"publish","type":"tribe_events","link":"https:\/\/www.factoria-4-7.org\/fr\/evento\/presentacion-del-centro-regional-de-educacion-para-el-desarrollo-sostenible-rce-basque-country-navarre\/","title":{"rendered":"Presentaci\u00f3n del Centro Regional de Educaci\u00f3n para el Desarrollo Sostenible RCE Basque Country \u2013 Navarre"},"content":{"rendered":"<p>3 de febrero de 2023, 9 h, en el Palacio del Condestable<\/p>\n<p>Jornada t\u00e9cnica. Encuentro anual de educaci\u00f3n de ONGD (sesi\u00f3n abierta). Coordinadora de ONGD de Navarra. Departamento de Derechos Sociales. Gobierno de Navarra.<br \/>\nPrograma Municipal de Cooperaci\u00f3n Internacional al Desarrollo. Ayuntamiento de Pamplona.<\/p>\n<p>Objetivo:<br \/>\n\u2013 Conocer la experiencia acumulada a lo largo de los diez a\u00f1os de desarrollo del programa educativo \u201cEducaci\u00f3n para la Justicia Global y Aprendizaje Servicio\u201d, del Ayuntamiento de Barcelona, desde el punto de vista de la instituci\u00f3n promotora y las organizaciones participantes.<br \/>\n\u2013 Conocer el reci\u00e9n constituido Centro Regional de Educaci\u00f3n para el Desarrollo Sostenible RCE Basque Country \u2013 Navarre<\/p>\n<p>P\u00fablico destinatario (jornada abierta):<br \/>\n\u2013 Organizaciones de la PES y otras entidades sociales.<br \/>\n\u2013 Instituciones p\u00fablicas vinculadas a proyectos educativos o sociales con relaci\u00f3n con la educaci\u00f3n, sensibilizaci\u00f3n o voluntariado.<\/p>\n","protected":false},"excerpt":{"rendered":"<p>3 de febrero de 2023, 9 h, en el Palacio del Condestable Jornada t\u00e9cnica. Encuentro anual de educaci\u00f3n de ONGD (sesi\u00f3n abierta). Coordinadora de ONGD de Navarra. Departamento de Derechos [&hellip;]<\/p>\n","protected":false},"author":5,"featured_media":1205,"template":"","meta":{"_acf_changed":false,"_tribe_events_status":"","_tribe_events_status_reason":"","footnotes":""},"tags":[],"ods":[11,19,16],"tribe_events_cat":[],"class_list":["post-1190","tribe_events","type-tribe_events","status-publish","has-post-thumbnail","hentry","ods-produccion-consumo-sostenibles","ods-educacion-calidad","ods-energia-asequible-no-contaminante"],"acf":[],"_links":{"self":[{"href":"https:\/\/www.factoria-4-7.org\/fr\/wp-json\/wp\/v2\/tribe_events\/1190","targetHints":{"allow":["GET"]}}],"collection":[{"href":"https:\/\/www.factoria-4-7.org\/fr\/wp-json\/wp\/v2\/tribe_events"}],"about":[{"href":"https:\/\/www.factoria-4-7.org\/fr\/wp-json\/wp\/v2\/types\/tribe_events"}],"author":[{"embeddable":true,"href":"https:\/\/www.factoria-4-7.org\/fr\/wp-json\/wp\/v2\/users\/5"}],"version-history":[{"count":2,"href":"https:\/\/www.factoria-4-7.org\/fr\/wp-json\/wp\/v2\/tribe_events\/1190\/revisions"}],"predecessor-version":[{"id":1252,"href":"https:\/\/www.factoria-4-7.org\/fr\/wp-json\/wp\/v2\/tribe_events\/1190\/revisions\/1252"}],"wp:featuredmedia":[{"embeddable":true,"href":"https:\/\/www.factoria-4-7.org\/fr\/wp-json\/wp\/v2\/media\/1205"}],"wp:attachment":[{"href":"https:\/\/www.factoria-4-7.org\/fr\/wp-json\/wp\/v2\/media?parent=1190"}],"wp:term":[{"taxonomy":"post_tag","embeddable":true,"href":"https:\/\/www.factoria-4-7.org\/fr\/wp-json\/wp\/v2\/tags?post=1190"},{"taxonomy":"ods","embeddable":true,"href":"https:\/\/www.factoria-4-7.org\/fr\/wp-json\/wp\/v2\/ods?post=1190"},{"taxonomy":"tribe_events_cat","embeddable":true,"href":"https:\/\/www.factoria-4-7.org\/fr\/wp-json\/wp\/v2\/tribe_events_cat?post=1190"}],"curies":[{"name":"wp","href":"https:\/\/api.w.org\/{rel}","templated":true}]}}

Presentación del Centro Regional de Educación para el Desarrollo Sostenible RCE Basque Country – Navarre

<p>3 de febrero de 2023, 9 h, en el Palacio del Condestable</p>
<p>Jornada técnica. Encuentro anual de educación de ONGD (sesión abierta). Coordinadora de ONGD de Navarra. Departamento de Derechos Sociales. Gobierno de Navarra.<br />
Programa Municipal de Cooperación Internacional al Desarrollo. Ayuntamiento de Pamplona.</p>
<p>Objetivo:<br />
– Conocer la experiencia acumulada a lo largo de los diez años de desarrollo del programa educativo “Educación para la Justicia Global y Aprendizaje Servicio”, del Ayuntamiento de Barcelona, desde el punto de vista de la institución promotora y las organizaciones participantes.<br />
– Conocer el recién constituido Centro Regional de Educación para el Desarrollo Sostenible RCE Basque Country – Navarre</p>
<p>Público destinatario (jornada abierta):<br />
– Organizaciones de la PES y otras entidades sociales.<br />
– Instituciones públicas vinculadas a proyectos educativos o sociales con relación con la educación, sensibilización o voluntariado.</p>

<p>3 de febrero de 2023, 9 h, en el Palacio del Condestable Jornada técnica. Encuentro anual de educación de ONGD (sesión abierta). Coordinadora de ONGD de Navarra. Departamento de Derechos [&hellip;]</p>
