{"id":1214,"date":"2023-02-09T09:47:41","date_gmt":"2023-02-09T09:47:41","guid":{"rendered":"https:\/\/www.factoria-4-7.org\/?post_type=tribe_events&#038;p=1214"},"modified":"2023-02-09T09:55:46","modified_gmt":"2023-02-09T09:55:46","slug":"concurso-fotografico-medio-ambiente-y-derechos-humanos","status":"publish","type":"tribe_events","link":"https:\/\/www.factoria-4-7.org\/fr\/evento\/concurso-fotografico-medio-ambiente-y-derechos-humanos\/","title":{"rendered":"Concurso Fotogr\u00e1fico Medio Ambiente y Derechos Humanos"},"content":{"rendered":"<p>El 23 de febrero<\/p>\n<p>\u00danete al desaf\u00edo de comunicar a trav\u00e9s de una imagen la relaci\u00f3n entre el Medio Ambiente y los Derechos Humanos<\/p>\n<p>El concurso fotogr\u00e1fico\u00a0<strong>\u201cMedio Ambiente y Derechos Humanos\u201d\u00a0<\/strong>es una acci\u00f3n promovida por las ONGD que conforman la\u00a0<strong>Red por la Sostenibilidad Ambiental en la Lucha contra la Pobreza\u00a0<\/strong>y organizada por sus miembros en Bizkaia (Ingenier\u00eda por la Cooperaci\u00f3n \u2013 ICLI, C\u00e1ritas Bizkaia, Fundaci\u00f3n EKI, UN Etxea, TAU Fundazioa y Zabalketa).<\/p>\n<p>El concurso est\u00e1 abierto a personas mayores de edad, que ostenten la autor\u00eda y propiedad exclusivas de los derechos de las obras. Cada participante podr\u00e1 presentar un m\u00e1ximo de 5 fotograf\u00edas tomadas con cualquier t\u00e9cnica fotogr\u00e1fica, tanto en color como en blanco y negro.<\/p>\n","protected":false},"excerpt":{"rendered":"<p>El 23 de febrero \u00danete al desaf\u00edo de comunicar a trav\u00e9s de una imagen la relaci\u00f3n entre el Medio Ambiente y los Derechos Humanos El concurso fotogr\u00e1fico\u00a0\u201cMedio Ambiente y Derechos [&hellip;]<\/p>\n","protected":false},"author":5,"featured_media":1209,"template":"","meta":{"_acf_changed":false,"_tribe_events_status":"","_tribe_events_status_reason":"","footnotes":""},"tags":[],"ods":[11,8,18],"tribe_events_cat":[],"class_list":["post-1214","tribe_events","type-tribe_events","status-publish","has-post-thumbnail","hentry","ods-produccion-consumo-sostenibles","ods-vida-ecosistemas-terrestres","ods-igualdad-genero"],"acf":[],"_links":{"self":[{"href":"https:\/\/www.factoria-4-7.org\/fr\/wp-json\/wp\/v2\/tribe_events\/1214","targetHints":{"allow":["GET"]}}],"collection":[{"href":"https:\/\/www.factoria-4-7.org\/fr\/wp-json\/wp\/v2\/tribe_events"}],"about":[{"href":"https:\/\/www.factoria-4-7.org\/fr\/wp-json\/wp\/v2\/types\/tribe_events"}],"author":[{"embeddable":true,"href":"https:\/\/www.factoria-4-7.org\/fr\/wp-json\/wp\/v2\/users\/5"}],"version-history":[{"count":3,"href":"https:\/\/www.factoria-4-7.org\/fr\/wp-json\/wp\/v2\/tribe_events\/1214\/revisions"}],"predecessor-version":[{"id":1221,"href":"https:\/\/www.factoria-4-7.org\/fr\/wp-json\/wp\/v2\/tribe_events\/1214\/revisions\/1221"}],"wp:featuredmedia":[{"embeddable":true,"href":"https:\/\/www.factoria-4-7.org\/fr\/wp-json\/wp\/v2\/media\/1209"}],"wp:attachment":[{"href":"https:\/\/www.factoria-4-7.org\/fr\/wp-json\/wp\/v2\/media?parent=1214"}],"wp:term":[{"taxonomy":"post_tag","embeddable":true,"href":"https:\/\/www.factoria-4-7.org\/fr\/wp-json\/wp\/v2\/tags?post=1214"},{"taxonomy":"ods","embeddable":true,"href":"https:\/\/www.factoria-4-7.org\/fr\/wp-json\/wp\/v2\/ods?post=1214"},{"taxonomy":"tribe_events_cat","embeddable":true,"href":"https:\/\/www.factoria-4-7.org\/fr\/wp-json\/wp\/v2\/tribe_events_cat?post=1214"}],"curies":[{"name":"wp","href":"https:\/\/api.w.org\/{rel}","templated":true}]}}

Concurso Fotográfico Medio Ambiente y Derechos Humanos

<p>El 23 de febrero</p>
<p>Únete al desafío de comunicar a través de una imagen la relación entre el Medio Ambiente y los Derechos Humanos</p>
<p>El concurso fotográfico <strong>“Medio Ambiente y Derechos Humanos” </strong>es una acción promovida por las ONGD que conforman la <strong>Red por la Sostenibilidad Ambiental en la Lucha contra la Pobreza </strong>y organizada por sus miembros en Bizkaia (Ingeniería por la Cooperación – ICLI, Cáritas Bizkaia, Fundación EKI, UN Etxea, TAU Fundazioa y Zabalketa).</p>
<p>El concurso está abierto a personas mayores de edad, que ostenten la autoría y propiedad exclusivas de los derechos de las obras. Cada participante podrá presentar un máximo de 5 fotografías tomadas con cualquier técnica fotográfica, tanto en color como en blanco y negro.</p>

<p>El 23 de febrero Únete al desafío de comunicar a través de una imagen la relación entre el Medio Ambiente y los Derechos Humanos El concurso fotográfico “Medio Ambiente y Derechos [&hellip;]</p>
