{"id":27572,"date":"2022-12-13T10:55:07","date_gmt":"2022-12-13T09:55:07","guid":{"rendered":"https:\/\/www.factoria-4-7.org\/que-e-factoria-4-7\/"},"modified":"2026-02-18T10:34:46","modified_gmt":"2026-02-18T09:34:46","slug":"que-e-factoria-4-7","status":"publish","type":"page","link":"https:\/\/www.factoria-4-7.org\/gl\/que-e-factoria-4-7\/","title":{"rendered":"Que \u00e9 factor\u00eda 4.7?"},"content":{"rendered":"\n<p>A Axenda 2030, aprobada pola ONU en setembro de 2015, incl\u00fae un conxunto de 17 ODS que buscan po\u00f1er fin \u00e1 pobreza, loitar contra a desigualdade e a inxustiza, e facer fronte ao cambio clim\u00e1tico, sen deixar a ningu\u00e9n atr\u00e1s. Baixo o paraugas do ODS 4 \u201cEducaci\u00f3n de calidade\u201d, a propia Axenda 2030 reco\u00f1ece o papel fundamental da Educaci\u00f3n para o Desenvolvemento Sostible (EDS) a fin de alcanzar todos os ODS, e as\u00ed o explicita na s\u00faa meta 4.7.\u00a0<\/p>\n\n<h2 class=\"wp-block-heading\">Eixe de Acci\u00f3n 1<\/h2>\n\n<p><em>Xesti\u00f3n do co\u00f1ecemento en Educaci\u00f3n para a Axenda 2030; este<br\/>portal dixital pretende democratizar o acceso a ferramentas<br\/>pedag\u00f3xicas de calidade en materia de EDS con enfoque de x\u00e9nero<br\/>e de dereitos en Iberoam\u00e9rica<\/em><\/p>\n\n<figure class=\"wp-block-image alignfull size-full\"><img loading=\"lazy\" decoding=\"async\" width=\"1500\" height=\"750\" src=\"https:\/\/www.factoria-4-7.org\/wp-content\/uploads\/2022\/12\/factoria-4.7-ilustracion-01.png\" alt=\"\" class=\"wp-image-398\" srcset=\"https:\/\/www.factoria-4-7.org\/wp-content\/uploads\/2022\/12\/factoria-4.7-ilustracion-01.png 1500w, https:\/\/www.factoria-4-7.org\/wp-content\/uploads\/2022\/12\/factoria-4.7-ilustracion-01-300x150.png 300w, https:\/\/www.factoria-4-7.org\/wp-content\/uploads\/2022\/12\/factoria-4.7-ilustracion-01-1024x512.png 1024w, https:\/\/www.factoria-4-7.org\/wp-content\/uploads\/2022\/12\/factoria-4.7-ilustracion-01-768x384.png 768w\" sizes=\"auto, (max-width: 1500px) 100vw, 1500px\" \/><\/figure>\n\n<p>A EDS emprega unha pedagox\u00eda innovadora e orientada \u00e1 acci\u00f3n que promove o desenvolvemento de competencias transversais nas dimensi\u00f3ns cognitiva, socioemocional e condutual da aprendizaxe. UN Etxea &#8211; Asociaci\u00f3n do Pa\u00eds Vasco para a UNESCO traballa na EDS desde o seu inicio, participando en procesos a escala local, nacional e internacional da man da UNESCO a fin de avanzar no poder transformador da educaci\u00f3n desde o desenvolvemento sostible e inclusivo. Desde 2017 establecemos colaboraci\u00f3ns m\u00e1is expl\u00edcitas con axentes diversos de Iberoam\u00e9rica, orientadas a avanzar na Educaci\u00f3n para a Axenda 2030.<\/p>\n\n<p>\u00c9 neste contexto que UN Etxea desenvolve Factor\u00eda 4.7 &#8211; Plataforma Iberoamericana de Educaci\u00f3n para o Desenvolvemento Sostible como un proxecto que busca transformar a EDS en Iberoam\u00e9rica a partir da innovaci\u00f3n e a aprendizaxe compartida, facilitando que os\/as axentes vinculados\/as \u00e1 educaci\u00f3n tomen a EDS como eixe inspirador das s\u00faas pol\u00edticas, plans e pr\u00e1cticas educativas.<\/p>\n\n<p>F\u00e1brica 4.7 &#8211; Plataforma Iberoamericana de Educaci\u00f3n para o Desenvolvemento Sostible forma parte da estratexia global da UNESCO para a EDS na rexi\u00f3n iberoamericana, co obxectivo de impulsar a Axenda 2030 por v\u00eda da meta 4.7 dos ODS. Este proxecto xesti\u00f3nase mediante (1) a xesti\u00f3n do co\u00f1ecemento, (2) alianzas multiactor e multisector, e (3) unha estratexia de comunicaci\u00f3n, todo dentro do conxunto do contexto iberoamericano.<\/p>\n\n<p>As\u00ed, dentro do Eixe de Acci\u00f3n 1: Xesti\u00f3n do co\u00f1ecemento en Educaci\u00f3n para a Axenda 2030, este portal dixital pretende democratizar o acceso a ferramentas pedag\u00f3xicas de calidade en materia de EDS con enfoque de x\u00e9nero e de dereitos en Iberoam\u00e9rica. A plataforma Factor\u00eda 4.7 pon \u00e1 disposici\u00f3n de calquera axente interesado ferramentas pedag\u00f3xicas de calidade en materia de EDS. Concretamente, aqu\u00ed poder\u00e1 encontrar recursos pedag\u00f3xicos, materiais, soportes e boas pr\u00e1cticas de EDS, pedagox\u00eda social e participaci\u00f3n cidad\u00e1 en cada un dos ODS e en cada un dos \u00e1mbitos relacionados coa Axenda 2030, en todos os casos coherentes cos valores transversais da Axenda 2030 (Sostibilidade, Dereitos humanos, Igualdade e Equidade de x\u00e9nero, e Interculturalidade).<\/p>\n\n<div style=\"height:50px\" aria-hidden=\"true\" class=\"wp-block-spacer\"><\/div>\n","protected":false},"excerpt":{"rendered":"<p>A Axenda 2030, aprobada pola ONU en setembro de 2015, incl\u00fae un conxunto de 17 ODS que buscan po\u00f1er fin \u00e1 pobreza, loitar contra a desigualdade e a inxustiza, e [&hellip;]<\/p>\n","protected":false},"author":4,"featured_media":27229,"parent":0,"menu_order":0,"comment_status":"closed","ping_status":"closed","template":"","meta":{"_acf_changed":false,"footnotes":""},"class_list":["post-27572","page","type-page","status-publish","has-post-thumbnail","hentry"],"acf":[],"_links":{"self":[{"href":"https:\/\/www.factoria-4-7.org\/gl\/wp-json\/wp\/v2\/pages\/27572","targetHints":{"allow":["GET"]}}],"collection":[{"href":"https:\/\/www.factoria-4-7.org\/gl\/wp-json\/wp\/v2\/pages"}],"about":[{"href":"https:\/\/www.factoria-4-7.org\/gl\/wp-json\/wp\/v2\/types\/page"}],"author":[{"embeddable":true,"href":"https:\/\/www.factoria-4-7.org\/gl\/wp-json\/wp\/v2\/users\/4"}],"replies":[{"embeddable":true,"href":"https:\/\/www.factoria-4-7.org\/gl\/wp-json\/wp\/v2\/comments?post=27572"}],"version-history":[{"count":1,"href":"https:\/\/www.factoria-4-7.org\/gl\/wp-json\/wp\/v2\/pages\/27572\/revisions"}],"predecessor-version":[{"id":27573,"href":"https:\/\/www.factoria-4-7.org\/gl\/wp-json\/wp\/v2\/pages\/27572\/revisions\/27573"}],"wp:featuredmedia":[{"embeddable":true,"href":"https:\/\/www.factoria-4-7.org\/gl\/wp-json\/wp\/v2\/media\/27229"}],"wp:attachment":[{"href":"https:\/\/www.factoria-4-7.org\/gl\/wp-json\/wp\/v2\/media?parent=27572"}],"curies":[{"name":"wp","href":"https:\/\/api.w.org\/{rel}","templated":true}]}}

Que é factoría 4.7?

<p>A Axenda 2030, aprobada pola ONU en setembro de 2015, inclúe un conxunto de 17 ODS que buscan poñer fin á pobreza, loitar contra a desigualdade e a inxustiza, e facer fronte ao cambio climático, sen deixar a ninguén atrás. Baixo o paraugas do ODS 4 “Educación de calidade”, a propia Axenda 2030 recoñece o papel fundamental da Educación para o Desenvolvemento Sostible (EDS) a fin de alcanzar todos os ODS, e así o explicita na súa meta 4.7. </p>

<h2 class="wp-block-heading">Eixe de Acción 1</h2>

<p><em>Xestión do coñecemento en Educación para a Axenda 2030; este<br/>portal dixital pretende democratizar o acceso a ferramentas<br/>pedagóxicas de calidade en materia de EDS con enfoque de xénero<br/>e de dereitos en Iberoamérica</em></p>

<figure class="wp-block-image alignfull size-full"><img loading="lazy" decoding="async" width="1500" height="750" src="https://www.factoria-4-7.org/wp-content/uploads/2022/12/factoria-4.7-ilustracion-01.png" alt="" class="wp-image-398" srcset="https://www.factoria-4-7.org/wp-content/uploads/2022/12/factoria-4.7-ilustracion-01.png 1500w, https://www.factoria-4-7.org/wp-content/uploads/2022/12/factoria-4.7-ilustracion-01-300x150.png 300w, https://www.factoria-4-7.org/wp-content/uploads/2022/12/factoria-4.7-ilustracion-01-1024x512.png 1024w, https://www.factoria-4-7.org/wp-content/uploads/2022/12/factoria-4.7-ilustracion-01-768x384.png 768w" sizes="auto, (max-width: 1500px) 100vw, 1500px" /></figure>

<p>A EDS emprega unha pedagoxía innovadora e orientada á acción que promove o desenvolvemento de competencias transversais nas dimensións cognitiva, socioemocional e condutual da aprendizaxe. UN Etxea &#8211; Asociación do País Vasco para a UNESCO traballa na EDS desde o seu inicio, participando en procesos a escala local, nacional e internacional da man da UNESCO a fin de avanzar no poder transformador da educación desde o desenvolvemento sostible e inclusivo. Desde 2017 establecemos colaboracións máis explícitas con axentes diversos de Iberoamérica, orientadas a avanzar na Educación para a Axenda 2030.</p>

<p>É neste contexto que UN Etxea desenvolve Factoría 4.7 &#8211; Plataforma Iberoamericana de Educación para o Desenvolvemento Sostible como un proxecto que busca transformar a EDS en Iberoamérica a partir da innovación e a aprendizaxe compartida, facilitando que os/as axentes vinculados/as á educación tomen a EDS como eixe inspirador das súas políticas, plans e prácticas educativas.</p>

<p>Fábrica 4.7 &#8211; Plataforma Iberoamericana de Educación para o Desenvolvemento Sostible forma parte da estratexia global da UNESCO para a EDS na rexión iberoamericana, co obxectivo de impulsar a Axenda 2030 por vía da meta 4.7 dos ODS. Este proxecto xestiónase mediante (1) a xestión do coñecemento, (2) alianzas multiactor e multisector, e (3) unha estratexia de comunicación, todo dentro do conxunto do contexto iberoamericano.</p>

<p>Así, dentro do Eixe de Acción 1: Xestión do coñecemento en Educación para a Axenda 2030, este portal dixital pretende democratizar o acceso a ferramentas pedagóxicas de calidade en materia de EDS con enfoque de xénero e de dereitos en Iberoamérica. A plataforma Factoría 4.7 pon á disposición de calquera axente interesado ferramentas pedagóxicas de calidade en materia de EDS. Concretamente, aquí poderá encontrar recursos pedagóxicos, materiais, soportes e boas prácticas de EDS, pedagoxía social e participación cidadá en cada un dos ODS e en cada un dos ámbitos relacionados coa Axenda 2030, en todos os casos coherentes cos valores transversais da Axenda 2030 (Sostibilidade, Dereitos humanos, Igualdade e Equidade de xénero, e Interculturalidade).</p>

<div style="height:50px" aria-hidden="true" class="wp-block-spacer"></div>

<p>A Axenda 2030, aprobada pola ONU en setembro de 2015, inclúe un conxunto de 17 ODS que buscan poñer fin á pobreza, loitar contra a desigualdade e a inxustiza, e [&hellip;]</p>
