{"id":25794,"date":"2025-10-17T15:47:42","date_gmt":"2025-10-17T13:47:42","guid":{"rendered":"https:\/\/www.factoria-4-7.org\/?post_type=recursos&#038;p=25794"},"modified":"2025-10-17T15:47:45","modified_gmt":"2025-10-17T13:47:45","slug":"migraciones-climaticas","status":"publish","type":"recursos","link":"https:\/\/www.factoria-4-7.org\/gl\/recursos\/migraciones-climaticas\/","title":{"rendered":"MIGRACIONES CLIM\u00c1TICAS"},"content":{"rendered":"\n<p>Recurso que aborda las migraciones forzadas por el cambio clim\u00e1tico y c\u00f3mo sensibilizar sobre este fen\u00f3meno global.<\/p>\n","protected":false},"featured_media":25795,"template":"","ods":[13,10],"class_list":["post-25794","recursos","type-recursos","status-publish","has-post-thumbnail","hentry","ods-reducir-desigualdades","ods-accion-clima"],"acf":[],"_links":{"self":[{"href":"https:\/\/www.factoria-4-7.org\/gl\/wp-json\/wp\/v2\/recursos\/25794","targetHints":{"allow":["GET"]}}],"collection":[{"href":"https:\/\/www.factoria-4-7.org\/gl\/wp-json\/wp\/v2\/recursos"}],"about":[{"href":"https:\/\/www.factoria-4-7.org\/gl\/wp-json\/wp\/v2\/types\/recursos"}],"wp:featuredmedia":[{"embeddable":true,"href":"https:\/\/www.factoria-4-7.org\/gl\/wp-json\/wp\/v2\/media\/25795"}],"wp:attachment":[{"href":"https:\/\/www.factoria-4-7.org\/gl\/wp-json\/wp\/v2\/media?parent=25794"}],"wp:term":[{"taxonomy":"ods","embeddable":true,"href":"https:\/\/www.factoria-4-7.org\/gl\/wp-json\/wp\/v2\/ods?post=25794"}],"curies":[{"name":"wp","href":"https:\/\/api.w.org\/{rel}","templated":true}]}}

MIGRACIONES CLIMÁTICAS

<p>Recurso que aborda las migraciones forzadas por el cambio climático y cómo sensibilizar sobre este fenómeno global.</p>
