{"id":25798,"date":"2025-10-17T15:54:37","date_gmt":"2025-10-17T13:54:37","guid":{"rendered":"https:\/\/www.factoria-4-7.org\/?post_type=recursos&#038;p=25798"},"modified":"2025-10-17T15:54:39","modified_gmt":"2025-10-17T13:54:39","slug":"guia-didactica-emergencia-climatica","status":"publish","type":"recursos","link":"https:\/\/www.factoria-4-7.org\/gl\/recursos\/guia-didactica-emergencia-climatica\/","title":{"rendered":"Guia did\u00e0ctica: Emerg\u00e8ncia clim\u00e0tica"},"content":{"rendered":"\n<p>Recurso educativo para abordar la emergencia clim\u00e1tica con actividades de reflexi\u00f3n y acci\u00f3n, adaptadas a distintas \u00e1reas curriculares.<\/p>\n","protected":false},"featured_media":25802,"template":"","ods":[10,19],"class_list":["post-25798","recursos","type-recursos","status-publish","has-post-thumbnail","hentry","ods-accion-clima","ods-educacion-calidad"],"acf":[],"_links":{"self":[{"href":"https:\/\/www.factoria-4-7.org\/gl\/wp-json\/wp\/v2\/recursos\/25798","targetHints":{"allow":["GET"]}}],"collection":[{"href":"https:\/\/www.factoria-4-7.org\/gl\/wp-json\/wp\/v2\/recursos"}],"about":[{"href":"https:\/\/www.factoria-4-7.org\/gl\/wp-json\/wp\/v2\/types\/recursos"}],"wp:featuredmedia":[{"embeddable":true,"href":"https:\/\/www.factoria-4-7.org\/gl\/wp-json\/wp\/v2\/media\/25802"}],"wp:attachment":[{"href":"https:\/\/www.factoria-4-7.org\/gl\/wp-json\/wp\/v2\/media?parent=25798"}],"wp:term":[{"taxonomy":"ods","embeddable":true,"href":"https:\/\/www.factoria-4-7.org\/gl\/wp-json\/wp\/v2\/ods?post=25798"}],"curies":[{"name":"wp","href":"https:\/\/api.w.org\/{rel}","templated":true}]}}

Guia didàctica: Emergència climàtica

<p>Recurso educativo para abordar la emergencia climática con actividades de reflexión y acción, adaptadas a distintas áreas curriculares.</p>
