{"id":25820,"date":"2025-10-17T16:21:44","date_gmt":"2025-10-17T14:21:44","guid":{"rendered":"https:\/\/www.factoria-4-7.org\/?post_type=recursos&#038;p=25820"},"modified":"2025-10-17T16:25:10","modified_gmt":"2025-10-17T14:25:10","slug":"guia-didactica-pensamiento-critico-y-prevencion-de-discursos-negacionistas-entre-la-juventud","status":"publish","type":"recursos","link":"https:\/\/www.factoria-4-7.org\/gl\/recursos\/guia-didactica-pensamiento-critico-y-prevencion-de-discursos-negacionistas-entre-la-juventud\/","title":{"rendered":"Gu\u00eda did\u00e1ctica. Pensamiento cr\u00edtico y prevenci\u00f3n de discursos negacionistas entre la juventud"},"content":{"rendered":"\n<p>Recurso educativo que promueve el pensamiento cr\u00edtico y la acci\u00f3n social en j\u00f3venes, abordando discursos de odio, ecofeminismo, educaci\u00f3n transformadora y prevenci\u00f3n de violencias.<\/p>\n","protected":false},"featured_media":25824,"template":"","ods":[7,19,18],"class_list":["post-25820","recursos","type-recursos","status-publish","has-post-thumbnail","hentry","ods-paz-justicia-instituciones-solidas","ods-educacion-calidad","ods-igualdad-genero"],"acf":[],"_links":{"self":[{"href":"https:\/\/www.factoria-4-7.org\/gl\/wp-json\/wp\/v2\/recursos\/25820","targetHints":{"allow":["GET"]}}],"collection":[{"href":"https:\/\/www.factoria-4-7.org\/gl\/wp-json\/wp\/v2\/recursos"}],"about":[{"href":"https:\/\/www.factoria-4-7.org\/gl\/wp-json\/wp\/v2\/types\/recursos"}],"wp:featuredmedia":[{"embeddable":true,"href":"https:\/\/www.factoria-4-7.org\/gl\/wp-json\/wp\/v2\/media\/25824"}],"wp:attachment":[{"href":"https:\/\/www.factoria-4-7.org\/gl\/wp-json\/wp\/v2\/media?parent=25820"}],"wp:term":[{"taxonomy":"ods","embeddable":true,"href":"https:\/\/www.factoria-4-7.org\/gl\/wp-json\/wp\/v2\/ods?post=25820"}],"curies":[{"name":"wp","href":"https:\/\/api.w.org\/{rel}","templated":true}]}}

Guía didáctica. Pensamiento crítico y prevención de discursos negacionistas entre la juventud

<p>Recurso educativo que promueve el pensamiento crítico y la acción social en jóvenes, abordando discursos de odio, ecofeminismo, educación transformadora y prevención de violencias.</p>
