{"id":25809,"date":"2025-10-17T16:06:15","date_gmt":"2025-10-17T14:06:15","guid":{"rendered":"https:\/\/www.factoria-4-7.org\/?post_type=recursos&#038;p=25809"},"modified":"2025-10-17T16:06:17","modified_gmt":"2025-10-17T14:06:17","slug":"eines-i-recursos-per-abordar-lemergencia-climatica-a-les-aules","status":"publish","type":"recursos","link":"https:\/\/www.factoria-4-7.org\/pt-pt\/recursos\/eines-i-recursos-per-abordar-lemergencia-climatica-a-les-aules\/","title":{"rendered":"Eines i recursos per abordar l\u2019emerg\u00e8ncia clim\u00e0tica a les aules"},"content":{"rendered":"\n<p>Serie de videos educativos dirigidos a docentes y alumnado para integrar la emergencia clim\u00e1tica en el aula desde una perspectiva de justicia global. Incluye estrategias pedag\u00f3gicas y recursos pr\u00e1cticos.<\/p>\n","protected":false},"featured_media":25810,"template":"","ods":[10,19],"class_list":["post-25809","recursos","type-recursos","status-publish","has-post-thumbnail","hentry","ods-accion-clima","ods-educacion-calidad"],"acf":[],"_links":{"self":[{"href":"https:\/\/www.factoria-4-7.org\/pt-pt\/wp-json\/wp\/v2\/recursos\/25809","targetHints":{"allow":["GET"]}}],"collection":[{"href":"https:\/\/www.factoria-4-7.org\/pt-pt\/wp-json\/wp\/v2\/recursos"}],"about":[{"href":"https:\/\/www.factoria-4-7.org\/pt-pt\/wp-json\/wp\/v2\/types\/recursos"}],"wp:featuredmedia":[{"embeddable":true,"href":"https:\/\/www.factoria-4-7.org\/pt-pt\/wp-json\/wp\/v2\/media\/25810"}],"wp:attachment":[{"href":"https:\/\/www.factoria-4-7.org\/pt-pt\/wp-json\/wp\/v2\/media?parent=25809"}],"wp:term":[{"taxonomy":"ods","embeddable":true,"href":"https:\/\/www.factoria-4-7.org\/pt-pt\/wp-json\/wp\/v2\/ods?post=25809"}],"curies":[{"name":"wp","href":"https:\/\/api.w.org\/{rel}","templated":true}]}}

Eines i recursos per abordar l’emergència climàtica a les aules

<p>Serie de videos educativos dirigidos a docentes y alumnado para integrar la emergencia climática en el aula desde una perspectiva de justicia global. Incluye estrategias pedagógicas y recursos prácticos.</p>
