{"id":4721,"date":"2024-01-18T10:15:29","date_gmt":"2024-01-18T09:15:29","guid":{"rendered":"https:\/\/www.factoria-4-7.org\/?post_type=tribe_events&#038;p=4721"},"modified":"2024-01-18T11:15:34","modified_gmt":"2024-01-18T10:15:34","slug":"la-vida-en-una-maleta","status":"publish","type":"tribe_events","link":"https:\/\/www.factoria-4-7.org\/pt-pt\/evento\/la-vida-en-una-maleta\/","title":{"rendered":"La vida en una maleta"},"content":{"rendered":"<p><img loading=\"lazy\" decoding=\"async\" class=\"alignnone size-medium wp-image-4740\" src=\"https:\/\/www.factoria-4-7.org\/wp-content\/uploads\/2024\/01\/La-Vida-En-Una-Maleta-Corregida-300x210.jpg\" alt=\"\" width=\"300\" height=\"210\" srcset=\"https:\/\/www.factoria-4-7.org\/wp-content\/uploads\/2024\/01\/La-Vida-En-Una-Maleta-Corregida-300x210.jpg 300w, https:\/\/www.factoria-4-7.org\/wp-content\/uploads\/2024\/01\/La-Vida-En-Una-Maleta-Corregida-1024x717.jpg 1024w, https:\/\/www.factoria-4-7.org\/wp-content\/uploads\/2024\/01\/La-Vida-En-Una-Maleta-Corregida-768x538.jpg 768w, https:\/\/www.factoria-4-7.org\/wp-content\/uploads\/2024\/01\/La-Vida-En-Una-Maleta-Corregida.jpg 1080w\" sizes=\"auto, (max-width: 300px) 100vw, 300px\" \/> <img loading=\"lazy\" decoding=\"async\" class=\"alignnone size-medium wp-image-4742\" src=\"https:\/\/www.factoria-4-7.org\/wp-content\/uploads\/2024\/01\/La-Vida-En-Una-Maleta-EUS-Corregida-300x210.jpg\" alt=\"\" width=\"300\" height=\"210\" srcset=\"https:\/\/www.factoria-4-7.org\/wp-content\/uploads\/2024\/01\/La-Vida-En-Una-Maleta-EUS-Corregida-300x210.jpg 300w, https:\/\/www.factoria-4-7.org\/wp-content\/uploads\/2024\/01\/La-Vida-En-Una-Maleta-EUS-Corregida-1024x717.jpg 1024w, https:\/\/www.factoria-4-7.org\/wp-content\/uploads\/2024\/01\/La-Vida-En-Una-Maleta-EUS-Corregida-768x538.jpg 768w, https:\/\/www.factoria-4-7.org\/wp-content\/uploads\/2024\/01\/La-Vida-En-Una-Maleta-EUS-Corregida.jpg 1080w\" sizes=\"auto, (max-width: 300px) 100vw, 300px\" \/>Desde Misiones Salesianas Navarra nos dirigimos a usted para extenderle una cordial invitaci\u00f3n a la inauguraci\u00f3n de la exposici\u00f3n fotogr\u00e1fica titulada &#8220;La Vida en una Maleta&#8221;. La misma se llevar\u00e1 a cabo el d\u00eda 23 de enero a las 17:30 en el atrio del Parlamento de Navarra.<\/p>\n<p>&#8220;La Vida en una Maleta&#8221; es una obra colectiva que narra con profundidad y sensibilidad las historias de resiliencia surgidas en el contexto de la guerra de Ucrania. A trav\u00e9s de la lente de Olmo Calvo, Bruno Thevenin, Ioana Moldovan y Edu Le\u00f3n, se capturan momentos de valent\u00eda, esperanza y perseverancia de aquellos y aquellas que han enfrentado los desaf\u00edos de la adversidad.<\/p>\n<p>Nos complace informarle que el reconocido fot\u00f3grafo Edu Le\u00f3n, uno de los autores de esta obra, estar\u00e1 presente el d\u00eda de la inauguraci\u00f3n. Ofrecer\u00e1 una visita guiada, proporcionando una perspectiva \u00fanica sobre la creaci\u00f3n de las fotograf\u00edas y compartiendo sus experiencias personales en el proceso.<\/p>\n<p>La cita ser\u00e1 en el atrio del Parlamento de Navarra. Despu\u00e9s de la visita guiada, le invitamos a que se una para disfrutar de un refrigerio, donde podremos compartir reflexiones sobre las historias capturadas en las fotograf\u00edas y conversar con mujeres ucranianas refugiadas.<\/p>\n<p>Su presencia en este evento significar\u00e1 mucho para Misiones Salesianas; esperamos contar con su asistencia.<\/p>\n<p style=\"margin: 15.0pt 0cm 15.0pt 0cm;\">\n","protected":false},"excerpt":{"rendered":"<p>Nos complace invitarte el pr\u00f3ximo martes, 23 de enero, a la inauguraci\u00f3n de la exposici\u00f3n La vida en una maleta: historias de un conflicto armado. Una muestra fotogr\u00e1fica en la que Olmo Calvo, Ioana Moldova, Bruno Thevenin y Edu Le\u00f3n ofrecen su visi\u00f3n sobre las consecuencias del conflicto de Ucrania para las personas. Esperamos contar con tu presencia.<\/p>\n","protected":false},"author":44,"featured_media":4740,"template":"","meta":{"_acf_changed":false,"_tribe_events_status":"","_tribe_events_status_reason":"","footnotes":""},"tags":[],"ods":[7],"tribe_events_cat":[],"class_list":["post-4721","tribe_events","type-tribe_events","status-publish","has-post-thumbnail","hentry","ods-paz-justicia-instituciones-solidas"],"acf":[],"_links":{"self":[{"href":"https:\/\/www.factoria-4-7.org\/pt-pt\/wp-json\/wp\/v2\/tribe_events\/4721","targetHints":{"allow":["GET"]}}],"collection":[{"href":"https:\/\/www.factoria-4-7.org\/pt-pt\/wp-json\/wp\/v2\/tribe_events"}],"about":[{"href":"https:\/\/www.factoria-4-7.org\/pt-pt\/wp-json\/wp\/v2\/types\/tribe_events"}],"author":[{"embeddable":true,"href":"https:\/\/www.factoria-4-7.org\/pt-pt\/wp-json\/wp\/v2\/users\/44"}],"version-history":[{"count":6,"href":"https:\/\/www.factoria-4-7.org\/pt-pt\/wp-json\/wp\/v2\/tribe_events\/4721\/revisions"}],"predecessor-version":[{"id":4744,"href":"https:\/\/www.factoria-4-7.org\/pt-pt\/wp-json\/wp\/v2\/tribe_events\/4721\/revisions\/4744"}],"wp:featuredmedia":[{"embeddable":true,"href":"https:\/\/www.factoria-4-7.org\/pt-pt\/wp-json\/wp\/v2\/media\/4740"}],"wp:attachment":[{"href":"https:\/\/www.factoria-4-7.org\/pt-pt\/wp-json\/wp\/v2\/media?parent=4721"}],"wp:term":[{"taxonomy":"post_tag","embeddable":true,"href":"https:\/\/www.factoria-4-7.org\/pt-pt\/wp-json\/wp\/v2\/tags?post=4721"},{"taxonomy":"ods","embeddable":true,"href":"https:\/\/www.factoria-4-7.org\/pt-pt\/wp-json\/wp\/v2\/ods?post=4721"},{"taxonomy":"tribe_events_cat","embeddable":true,"href":"https:\/\/www.factoria-4-7.org\/pt-pt\/wp-json\/wp\/v2\/tribe_events_cat?post=4721"}],"curies":[{"name":"wp","href":"https:\/\/api.w.org\/{rel}","templated":true}]}}

<p><img loading="lazy" decoding="async" class="alignnone size-medium wp-image-4740" src="https://www.factoria-4-7.org/wp-content/uploads/2024/01/La-Vida-En-Una-Maleta-Corregida-300x210.jpg" alt="" width="300" height="210" srcset="https://www.factoria-4-7.org/wp-content/uploads/2024/01/La-Vida-En-Una-Maleta-Corregida-300x210.jpg 300w, https://www.factoria-4-7.org/wp-content/uploads/2024/01/La-Vida-En-Una-Maleta-Corregida-1024x717.jpg 1024w, https://www.factoria-4-7.org/wp-content/uploads/2024/01/La-Vida-En-Una-Maleta-Corregida-768x538.jpg 768w, https://www.factoria-4-7.org/wp-content/uploads/2024/01/La-Vida-En-Una-Maleta-Corregida.jpg 1080w" sizes="auto, (max-width: 300px) 100vw, 300px" /> <img loading="lazy" decoding="async" class="alignnone size-medium wp-image-4742" src="https://www.factoria-4-7.org/wp-content/uploads/2024/01/La-Vida-En-Una-Maleta-EUS-Corregida-300x210.jpg" alt="" width="300" height="210" srcset="https://www.factoria-4-7.org/wp-content/uploads/2024/01/La-Vida-En-Una-Maleta-EUS-Corregida-300x210.jpg 300w, https://www.factoria-4-7.org/wp-content/uploads/2024/01/La-Vida-En-Una-Maleta-EUS-Corregida-1024x717.jpg 1024w, https://www.factoria-4-7.org/wp-content/uploads/2024/01/La-Vida-En-Una-Maleta-EUS-Corregida-768x538.jpg 768w, https://www.factoria-4-7.org/wp-content/uploads/2024/01/La-Vida-En-Una-Maleta-EUS-Corregida.jpg 1080w" sizes="auto, (max-width: 300px) 100vw, 300px" />Desde Misiones Salesianas Navarra nos dirigimos a usted para extenderle una cordial invitación a la inauguración de la exposición fotográfica titulada &#8220;La Vida en una Maleta&#8221;. La misma se llevará a cabo el día 23 de enero a las 17:30 en el atrio del Parlamento de Navarra.</p>
<p>&#8220;La Vida en una Maleta&#8221; es una obra colectiva que narra con profundidad y sensibilidad las historias de resiliencia surgidas en el contexto de la guerra de Ucrania. A través de la lente de Olmo Calvo, Bruno Thevenin, Ioana Moldovan y Edu León, se capturan momentos de valentía, esperanza y perseverancia de aquellos y aquellas que han enfrentado los desafíos de la adversidad.</p>
<p>Nos complace informarle que el reconocido fotógrafo Edu León, uno de los autores de esta obra, estará presente el día de la inauguración. Ofrecerá una visita guiada, proporcionando una perspectiva única sobre la creación de las fotografías y compartiendo sus experiencias personales en el proceso.</p>
<p>La cita será en el atrio del Parlamento de Navarra. Después de la visita guiada, le invitamos a que se una para disfrutar de un refrigerio, donde podremos compartir reflexiones sobre las historias capturadas en las fotografías y conversar con mujeres ucranianas refugiadas.</p>
<p>Su presencia en este evento significará mucho para Misiones Salesianas; esperamos contar con su asistencia.</p>
<p style="margin: 15.0pt 0cm 15.0pt 0cm;">

<p>Nos complace invitarte el próximo martes, 23 de enero, a la inauguración de la exposición La vida en una maleta: historias de un conflicto armado. Una muestra fotográfica en la que Olmo Calvo, Ioana Moldova, Bruno Thevenin y Edu León ofrecen su visión sobre las consecuencias del conflicto de Ucrania para las personas. Esperamos contar con tu presencia.</p>
