{"id":5427,"date":"2024-04-15T13:51:38","date_gmt":"2024-04-15T11:51:38","guid":{"rendered":"https:\/\/www.factoria-4-7.org\/?post_type=tribe_events&#038;p=5427"},"modified":"2024-04-15T13:51:52","modified_gmt":"2024-04-15T11:51:52","slug":"encuentro-electoral-de-la-juventud-vasca-forjando-el-futuro","status":"publish","type":"tribe_events","link":"https:\/\/www.factoria-4-7.org\/pt-pt\/evento\/encuentro-electoral-de-la-juventud-vasca-forjando-el-futuro\/","title":{"rendered":"Encuentro Electoral de la Juventud Vasca: Forjando el Futuro"},"content":{"rendered":"<p>UN Etxea, Ecivis y el Consejo de la Juventud de Euskadi (EGK) han organizado un Encuentro Electoral de la Juventud de Euskadi, que tendr\u00e1 lugar el 16 de abril en el mercado del Ensanche de Bilbao, a partir de las 11:30 de la ma\u00f1ana.En el encuentro participar\u00e1n diferentes partidos pol\u00edticos y se abordar\u00e1n tem\u00e1ticas como la salud, el plano socioecon\u00f3mico, la convivencia, la participaci\u00f3n y\/o la cultura democr\u00e1tica. En el debate intervendr\u00e1n\u00a0 las personas integrantes de los siguientes partidos:<\/p>\n<ul>\n<li aria-level=\"1\">EAJ-PNV: Joseba Diez Antxustegi<\/li>\n<li aria-level=\"1\">EH Bildu: Edurne Benito del Valle<\/li>\n<li aria-level=\"1\">PSE-EE: Gabriel Blanco Arrue<\/li>\n<li aria-level=\"1\">Elkarrekin Podemos: Oihane Mestraitua<\/li>\n<li aria-level=\"1\">PP: Jaime Velasco<\/li>\n<li aria-level=\"1\">Sumar: Be\u00f1at Alonso<\/li>\n<\/ul>\n<p>La inscripci\u00f3n en el debate se podr\u00e1 realizar a trav\u00e9s de\u00a0<a href=\"https:\/\/forms.gle\/fKEAJnzWgYgGWPRD7\">este enlace<\/a>.<\/p>\n<p>Se podr\u00e1 seguir el evento en\u00a0<a href=\"https:\/\/youtube.com\/live\/bUNEcyQg5fA?feature=share\">streaming\u00a0<\/a>en el canal YouTube de EGK. En la misma ma\u00f1ana se ofrecer\u00e1 el enlace en la cuenta de instagram\u00a0<a href=\"https:\/\/www.instagram.com\/GazteKontseilua\/\" target=\"_blank\" rel=\"noopener\">@gaztekontseilua<\/a>.<\/p>\n<p>Si necesitas m\u00e1s informaci\u00f3n, llama por tel\u00e9fono al\u00a0<b>944436143 \/ 688676099\u00a0<\/b>(Aitor) o escr\u00edbenos al correo\u00a0<b><a href=\"mailto:partehartze@egk.eus\">partehartze@egk.eus<\/a>.<\/b><\/p>\n","protected":false},"excerpt":{"rendered":"<p>UN Etxea, Ecivis y el Consejo de la Juventud de Euskadi (EGK) han organizado un Encuentro Electoral de la Juventud de Euskadi, que tendr\u00e1 lugar el 16 de abril en [&hellip;]<\/p>\n","protected":false},"author":6,"featured_media":5428,"template":"","meta":{"_acf_changed":false,"_tribe_events_status":"","_tribe_events_status_reason":"","footnotes":""},"tags":[],"ods":[],"tribe_events_cat":[],"class_list":["post-5427","tribe_events","type-tribe_events","status-publish","has-post-thumbnail","hentry"],"acf":[],"_links":{"self":[{"href":"https:\/\/www.factoria-4-7.org\/pt-pt\/wp-json\/wp\/v2\/tribe_events\/5427","targetHints":{"allow":["GET"]}}],"collection":[{"href":"https:\/\/www.factoria-4-7.org\/pt-pt\/wp-json\/wp\/v2\/tribe_events"}],"about":[{"href":"https:\/\/www.factoria-4-7.org\/pt-pt\/wp-json\/wp\/v2\/types\/tribe_events"}],"author":[{"embeddable":true,"href":"https:\/\/www.factoria-4-7.org\/pt-pt\/wp-json\/wp\/v2\/users\/6"}],"version-history":[{"count":1,"href":"https:\/\/www.factoria-4-7.org\/pt-pt\/wp-json\/wp\/v2\/tribe_events\/5427\/revisions"}],"predecessor-version":[{"id":5432,"href":"https:\/\/www.factoria-4-7.org\/pt-pt\/wp-json\/wp\/v2\/tribe_events\/5427\/revisions\/5432"}],"wp:featuredmedia":[{"embeddable":true,"href":"https:\/\/www.factoria-4-7.org\/pt-pt\/wp-json\/wp\/v2\/media\/5428"}],"wp:attachment":[{"href":"https:\/\/www.factoria-4-7.org\/pt-pt\/wp-json\/wp\/v2\/media?parent=5427"}],"wp:term":[{"taxonomy":"post_tag","embeddable":true,"href":"https:\/\/www.factoria-4-7.org\/pt-pt\/wp-json\/wp\/v2\/tags?post=5427"},{"taxonomy":"ods","embeddable":true,"href":"https:\/\/www.factoria-4-7.org\/pt-pt\/wp-json\/wp\/v2\/ods?post=5427"},{"taxonomy":"tribe_events_cat","embeddable":true,"href":"https:\/\/www.factoria-4-7.org\/pt-pt\/wp-json\/wp\/v2\/tribe_events_cat?post=5427"}],"curies":[{"name":"wp","href":"https:\/\/api.w.org\/{rel}","templated":true}]}}

<p>UN Etxea, Ecivis y el Consejo de la Juventud de Euskadi (EGK) han organizado un Encuentro Electoral de la Juventud de Euskadi, que tendrá lugar el 16 de abril en el mercado del Ensanche de Bilbao, a partir de las 11:30 de la mañana.En el encuentro participarán diferentes partidos políticos y se abordarán temáticas como la salud, el plano socioeconómico, la convivencia, la participación y/o la cultura democrática. En el debate intervendrán  las personas integrantes de los siguientes partidos:</p>
<ul>
<li aria-level="1">EAJ-PNV: Joseba Diez Antxustegi</li>
<li aria-level="1">EH Bildu: Edurne Benito del Valle</li>
<li aria-level="1">PSE-EE: Gabriel Blanco Arrue</li>
<li aria-level="1">Elkarrekin Podemos: Oihane Mestraitua</li>
<li aria-level="1">PP: Jaime Velasco</li>
<li aria-level="1">Sumar: Beñat Alonso</li>
</ul>
<p>La inscripción en el debate se podrá realizar a través de <a href="https://forms.gle/fKEAJnzWgYgGWPRD7">este enlace</a>.</p>
<p>Se podrá seguir el evento en <a href="https://youtube.com/live/bUNEcyQg5fA?feature=share">streaming </a>en el canal YouTube de EGK. En la misma mañana se ofrecerá el enlace en la cuenta de instagram <a href="https://www.instagram.com/GazteKontseilua/" target="_blank" rel="noopener">@gaztekontseilua</a>.</p>
<p>Si necesitas más información, llama por teléfono al <b>944436143 / 688676099 </b>(Aitor) o escríbenos al correo <b><a href="mailto:partehartze@egk.eus">partehartze@egk.eus</a>.</b></p>

<p>UN Etxea, Ecivis y el Consejo de la Juventud de Euskadi (EGK) han organizado un Encuentro Electoral de la Juventud de Euskadi, que tendrá lugar el 16 de abril en [&hellip;]</p>
