{"id":5459,"date":"2024-05-07T00:27:29","date_gmt":"2024-05-06T22:27:29","guid":{"rendered":"https:\/\/www.factoria-4-7.org\/?post_type=tribe_events&#038;p=5459"},"modified":"2024-05-07T00:28:28","modified_gmt":"2024-05-06T22:28:28","slug":"dia-de-europa-2024-a-un-mes-de-las-elecciones-europeas","status":"publish","type":"tribe_events","link":"https:\/\/www.factoria-4-7.org\/pt-pt\/evento\/dia-de-europa-2024-a-un-mes-de-las-elecciones-europeas\/","title":{"rendered":"D\u00eda de Europa 2024 &#8211; A un mes de las elecciones europeas"},"content":{"rendered":"<p><span data-contrast=\"none\">Desde febrero de este a\u00f1o, la asociaci\u00f3n eCivis, ubicada en Bizkaia, ha desarrollado en el proyecto Got My Vote!, con apoyo del\u00a0<\/span><b><span data-contrast=\"none\">Parlamento Europeo y el Departamento de Empleo, Cohesi\u00f3n Social e Igualdad de la Diputaci\u00f3n Foral de Bizkaia,<\/span><\/b><span data-contrast=\"none\">\u00a0para propiciar el encuentro y el di\u00e1logo de la juventud y de la ciudadan\u00eda en general en torno a temas de actualidad, todo ello en el contexto de las pr\u00f3ximas elecciones al Parlamento Europeo, el 9 de junio de 2024.<\/span><span data-ccp-props=\"{&quot;201341983&quot;:0,&quot;335559739&quot;:160,&quot;335559740&quot;:259}\">\u00a0<\/span><\/p>\n<p><span data-contrast=\"none\">El pr\u00f3ximo jueves 9 de mayo, D\u00eda de Europa, cerraremos la actividad presencial a trav\u00e9s de un evento de debate y cierre en el espacio Hika Ateneo de Bilbao, a partir de las 19.30.\u00a0<\/span><span data-ccp-props=\"{&quot;201341983&quot;:0,&quot;335559739&quot;:160,&quot;335559740&quot;:259}\">\u00a0<\/span><\/p>\n<p><span data-contrast=\"none\">Adem\u00e1s del debate, donde podremos conversar con\u00a0<\/span><b><span data-contrast=\"none\">Iratxe Uriarte, Presidenta del Consejo de la Juventud de Euskadi, Xabier Cabrera, Presidente de la asociaci\u00f3n Arrigorriaga Harro, Aran Acha, Directora de Un Etxea, y representantes de Bizkaia Saregileak, tendremos la oportunidad de seguir tejiendo red amenizadas por el concierto ac\u00fastico del grupo Penadas por la Ley, a partir de las 20.45 aproximadamente.<\/span><\/b><span data-ccp-props=\"{&quot;201341983&quot;:0,&quot;335559739&quot;:160,&quot;335559740&quot;:259}\">\u00a0<\/span><\/p>\n<p><span data-ccp-props=\"{&quot;134233117&quot;:false,&quot;134233118&quot;:false,&quot;134245418&quot;:true,&quot;134245529&quot;:true,&quot;201341983&quot;:0,&quot;335551550&quot;:1,&quot;335551620&quot;:1,&quot;335559685&quot;:0,&quot;335559737&quot;:0,&quot;335559738&quot;:0,&quot;335559739&quot;:0,&quot;335559740&quot;:259}\">\u00a0<\/span><\/p>\n<p><b><span data-contrast=\"none\">La entrada es libre hasta completar aforo, pero se recomienda inscripci\u00f3n. M\u00e1s informaci\u00f3n en\u00a0<\/span><\/b><a href=\"mailto:info@ecivis.eus\"><b><span data-contrast=\"none\">info@ecivis.eus<\/span><\/b><\/a><b><span data-contrast=\"none\">, o llamando al 636644671 (un whatsapp tambi\u00e9n vale :-).<\/span><\/b><span data-ccp-props=\"{&quot;134233117&quot;:false,&quot;134233118&quot;:false,&quot;134245418&quot;:true,&quot;134245529&quot;:true,&quot;201341983&quot;:0,&quot;335551550&quot;:1,&quot;335551620&quot;:1,&quot;335559685&quot;:0,&quot;335559737&quot;:0,&quot;335559738&quot;:0,&quot;335559739&quot;:0,&quot;335559740&quot;:259}\">\u00a0<\/span><\/p>\n","protected":false},"excerpt":{"rendered":"<p>Desde febrero de este a\u00f1o, la asociaci\u00f3n eCivis, ubicada en Bizkaia, ha desarrollado en el proyecto Got My Vote!, con apoyo del\u00a0Parlamento Europeo y el Departamento de Empleo, Cohesi\u00f3n Social [&hellip;]<\/p>\n","protected":false},"author":47,"featured_media":5462,"template":"","meta":{"_acf_changed":false,"_tribe_events_status":"","_tribe_events_status_reason":"","footnotes":""},"tags":[],"ods":[12,7,6,5,19,18],"tribe_events_cat":[],"class_list":["post-5459","tribe_events","type-tribe_events","status-publish","has-post-thumbnail","hentry","ods-ciudades-comunidades-sostenibles","ods-paz-justicia-instituciones-solidas","ods-alianzas-para-lograr-objetivos","ods-diversidad-linguistica-cultural","ods-educacion-calidad","ods-igualdad-genero"],"acf":[],"_links":{"self":[{"href":"https:\/\/www.factoria-4-7.org\/pt-pt\/wp-json\/wp\/v2\/tribe_events\/5459","targetHints":{"allow":["GET"]}}],"collection":[{"href":"https:\/\/www.factoria-4-7.org\/pt-pt\/wp-json\/wp\/v2\/tribe_events"}],"about":[{"href":"https:\/\/www.factoria-4-7.org\/pt-pt\/wp-json\/wp\/v2\/types\/tribe_events"}],"author":[{"embeddable":true,"href":"https:\/\/www.factoria-4-7.org\/pt-pt\/wp-json\/wp\/v2\/users\/47"}],"version-history":[{"count":2,"href":"https:\/\/www.factoria-4-7.org\/pt-pt\/wp-json\/wp\/v2\/tribe_events\/5459\/revisions"}],"predecessor-version":[{"id":5464,"href":"https:\/\/www.factoria-4-7.org\/pt-pt\/wp-json\/wp\/v2\/tribe_events\/5459\/revisions\/5464"}],"wp:featuredmedia":[{"embeddable":true,"href":"https:\/\/www.factoria-4-7.org\/pt-pt\/wp-json\/wp\/v2\/media\/5462"}],"wp:attachment":[{"href":"https:\/\/www.factoria-4-7.org\/pt-pt\/wp-json\/wp\/v2\/media?parent=5459"}],"wp:term":[{"taxonomy":"post_tag","embeddable":true,"href":"https:\/\/www.factoria-4-7.org\/pt-pt\/wp-json\/wp\/v2\/tags?post=5459"},{"taxonomy":"ods","embeddable":true,"href":"https:\/\/www.factoria-4-7.org\/pt-pt\/wp-json\/wp\/v2\/ods?post=5459"},{"taxonomy":"tribe_events_cat","embeddable":true,"href":"https:\/\/www.factoria-4-7.org\/pt-pt\/wp-json\/wp\/v2\/tribe_events_cat?post=5459"}],"curies":[{"name":"wp","href":"https:\/\/api.w.org\/{rel}","templated":true}]}}

Día de Europa 2024 &#8211; A un mes de las elecciones europeas

<p><span data-contrast="none">Desde febrero de este año, la asociación eCivis, ubicada en Bizkaia, ha desarrollado en el proyecto Got My Vote!, con apoyo del </span><b><span data-contrast="none">Parlamento Europeo y el Departamento de Empleo, Cohesión Social e Igualdad de la Diputación Foral de Bizkaia,</span></b><span data-contrast="none"> para propiciar el encuentro y el diálogo de la juventud y de la ciudadanía en general en torno a temas de actualidad, todo ello en el contexto de las próximas elecciones al Parlamento Europeo, el 9 de junio de 2024.</span><span data-ccp-props="{&quot;201341983&quot;:0,&quot;335559739&quot;:160,&quot;335559740&quot;:259}"> </span></p>
<p><span data-contrast="none">El próximo jueves 9 de mayo, Día de Europa, cerraremos la actividad presencial a través de un evento de debate y cierre en el espacio Hika Ateneo de Bilbao, a partir de las 19.30. </span><span data-ccp-props="{&quot;201341983&quot;:0,&quot;335559739&quot;:160,&quot;335559740&quot;:259}"> </span></p>
<p><span data-contrast="none">Además del debate, donde podremos conversar con </span><b><span data-contrast="none">Iratxe Uriarte, Presidenta del Consejo de la Juventud de Euskadi, Xabier Cabrera, Presidente de la asociación Arrigorriaga Harro, Aran Acha, Directora de Un Etxea, y representantes de Bizkaia Saregileak, tendremos la oportunidad de seguir tejiendo red amenizadas por el concierto acústico del grupo Penadas por la Ley, a partir de las 20.45 aproximadamente.</span></b><span data-ccp-props="{&quot;201341983&quot;:0,&quot;335559739&quot;:160,&quot;335559740&quot;:259}"> </span></p>
<p><span data-ccp-props="{&quot;134233117&quot;:false,&quot;134233118&quot;:false,&quot;134245418&quot;:true,&quot;134245529&quot;:true,&quot;201341983&quot;:0,&quot;335551550&quot;:1,&quot;335551620&quot;:1,&quot;335559685&quot;:0,&quot;335559737&quot;:0,&quot;335559738&quot;:0,&quot;335559739&quot;:0,&quot;335559740&quot;:259}"> </span></p>
<p><b><span data-contrast="none">La entrada es libre hasta completar aforo, pero se recomienda inscripción. Más información en </span></b><a href="mailto:info@ecivis.eus"><b><span data-contrast="none">info@ecivis.eus</span></b></a><b><span data-contrast="none">, o llamando al 636644671 (un whatsapp también vale :-).</span></b><span data-ccp-props="{&quot;134233117&quot;:false,&quot;134233118&quot;:false,&quot;134245418&quot;:true,&quot;134245529&quot;:true,&quot;201341983&quot;:0,&quot;335551550&quot;:1,&quot;335551620&quot;:1,&quot;335559685&quot;:0,&quot;335559737&quot;:0,&quot;335559738&quot;:0,&quot;335559739&quot;:0,&quot;335559740&quot;:259}"> </span></p>

<p>Desde febrero de este año, la asociación eCivis, ubicada en Bizkaia, ha desarrollado en el proyecto Got My Vote!, con apoyo del Parlamento Europeo y el Departamento de Empleo, Cohesión Social [&hellip;]</p>
