{"id":5480,"date":"2024-05-26T17:11:44","date_gmt":"2024-05-26T15:11:44","guid":{"rendered":"https:\/\/www.factoria-4-7.org\/?post_type=tribe_events&#038;p=5480"},"modified":"2024-05-26T17:11:54","modified_gmt":"2024-05-26T15:11:54","slug":"presentacion-de-ikuspegi-morea-los-otros-generos-de-la-musica","status":"publish","type":"tribe_events","link":"https:\/\/www.factoria-4-7.org\/pt-pt\/evento\/presentacion-de-ikuspegi-morea-los-otros-generos-de-la-musica\/","title":{"rendered":"Presentaci\u00f3n de Ikuspegi Morea: los otros g\u00e9neros de la m\u00fasica"},"content":{"rendered":"<p>El pr\u00f3ximo mi\u00e9rcoles 29 de mayo, a las 17.3o horas, os invitamos a conectaros a la plataforma online Jitsi para presentaros Ikuspegi Morea, un espacio para la m\u00fasica y la reflexi\u00f3n con perspectiva de g\u00e9nero, que lanzamos conjuntamente desde eCivis y Emakumusik.<\/p>\n<p>Este proyecto es un paso m\u00e1s en el trabajo que venimos realizando desde 2019 con Musika eta Zure Begirada, en alrededor de medio centenar de centros escolares y organizaciones de ocio juvenil de Bizkaia.<\/p>\n<p>Contaremos con el testimonio de la cantautora y activista argentina Silvia Palumbo, que nos ayudar\u00e1 a poner en contexto esta iniciativa.<\/p>\n<p>Nos encantar\u00e1 contar con vosotras para haceros part\u00edcipes de esta propuesta que con tanta ilusi\u00f3n arrancamos.<\/p>\n<p>Pod\u00e9is conectaros a trav\u00e9s de este <a href=\"https:\/\/meet.jit.si\/SuddenInstitutesRaiseOut\">link<\/a>.<\/p>\n<p>\u00a1Os esperamos!<\/p>\n","protected":false},"excerpt":{"rendered":"<p>El pr\u00f3ximo mi\u00e9rcoles 29 de mayo, a las 17.3o horas, os invitamos a conectaros a la plataforma online Jitsi para presentaros Ikuspegi Morea, un espacio para la m\u00fasica y la [&hellip;]<\/p>\n","protected":false},"author":47,"featured_media":5481,"template":"","meta":{"_acf_changed":false,"_tribe_events_status":"","_tribe_events_status_reason":"","footnotes":""},"tags":[],"ods":[6,19,18],"tribe_events_cat":[],"class_list":["post-5480","tribe_events","type-tribe_events","status-publish","has-post-thumbnail","hentry","ods-alianzas-para-lograr-objetivos","ods-educacion-calidad","ods-igualdad-genero"],"acf":[],"_links":{"self":[{"href":"https:\/\/www.factoria-4-7.org\/pt-pt\/wp-json\/wp\/v2\/tribe_events\/5480","targetHints":{"allow":["GET"]}}],"collection":[{"href":"https:\/\/www.factoria-4-7.org\/pt-pt\/wp-json\/wp\/v2\/tribe_events"}],"about":[{"href":"https:\/\/www.factoria-4-7.org\/pt-pt\/wp-json\/wp\/v2\/types\/tribe_events"}],"author":[{"embeddable":true,"href":"https:\/\/www.factoria-4-7.org\/pt-pt\/wp-json\/wp\/v2\/users\/47"}],"version-history":[{"count":2,"href":"https:\/\/www.factoria-4-7.org\/pt-pt\/wp-json\/wp\/v2\/tribe_events\/5480\/revisions"}],"predecessor-version":[{"id":5484,"href":"https:\/\/www.factoria-4-7.org\/pt-pt\/wp-json\/wp\/v2\/tribe_events\/5480\/revisions\/5484"}],"wp:featuredmedia":[{"embeddable":true,"href":"https:\/\/www.factoria-4-7.org\/pt-pt\/wp-json\/wp\/v2\/media\/5481"}],"wp:attachment":[{"href":"https:\/\/www.factoria-4-7.org\/pt-pt\/wp-json\/wp\/v2\/media?parent=5480"}],"wp:term":[{"taxonomy":"post_tag","embeddable":true,"href":"https:\/\/www.factoria-4-7.org\/pt-pt\/wp-json\/wp\/v2\/tags?post=5480"},{"taxonomy":"ods","embeddable":true,"href":"https:\/\/www.factoria-4-7.org\/pt-pt\/wp-json\/wp\/v2\/ods?post=5480"},{"taxonomy":"tribe_events_cat","embeddable":true,"href":"https:\/\/www.factoria-4-7.org\/pt-pt\/wp-json\/wp\/v2\/tribe_events_cat?post=5480"}],"curies":[{"name":"wp","href":"https:\/\/api.w.org\/{rel}","templated":true}]}}

Presentación de Ikuspegi Morea: los otros géneros de la música

<p>El próximo miércoles 29 de mayo, a las 17.3o horas, os invitamos a conectaros a la plataforma online Jitsi para presentaros Ikuspegi Morea, un espacio para la música y la reflexión con perspectiva de género, que lanzamos conjuntamente desde eCivis y Emakumusik.</p>
<p>Este proyecto es un paso más en el trabajo que venimos realizando desde 2019 con Musika eta Zure Begirada, en alrededor de medio centenar de centros escolares y organizaciones de ocio juvenil de Bizkaia.</p>
<p>Contaremos con el testimonio de la cantautora y activista argentina Silvia Palumbo, que nos ayudará a poner en contexto esta iniciativa.</p>
<p>Nos encantará contar con vosotras para haceros partícipes de esta propuesta que con tanta ilusión arrancamos.</p>
<p>Podéis conectaros a través de este <a href="https://meet.jit.si/SuddenInstitutesRaiseOut">link</a>.</p>
<p>¡Os esperamos!</p>

<p>El próximo miércoles 29 de mayo, a las 17.3o horas, os invitamos a conectaros a la plataforma online Jitsi para presentaros Ikuspegi Morea, un espacio para la música y la [&hellip;]</p>
